Last updated on 2024-08-15 20:48:14 CEST.
Flavor | Version | Tinstall | Tcheck | Ttotal | Status | Flags |
---|---|---|---|---|---|---|
r-devel-linux-x86_64-debian-clang | 0.1.1 | 8.72 | 145.40 | 154.12 | OK | |
r-devel-linux-x86_64-debian-gcc | 0.1.1 | 6.33 | 96.63 | 102.96 | OK | |
r-devel-linux-x86_64-fedora-clang | 0.1.1 | 252.36 | NOTE | |||
r-devel-linux-x86_64-fedora-gcc | 0.1.1 | 245.87 | NOTE | |||
r-devel-windows-x86_64 | 0.1.1 | 9.00 | 137.00 | 146.00 | OK | |
r-patched-linux-x86_64 | 0.1.1 | 7.93 | 133.25 | 141.18 | OK | |
r-release-linux-x86_64 | 0.1.1 | 7.64 | 132.85 | 140.49 | OK | |
r-release-macos-arm64 | 0.1.1 | 62.00 | OK | |||
r-release-macos-x86_64 | 0.1.1 | 108.00 | OK | |||
r-release-windows-x86_64 | 0.1.1 | 9.00 | 138.00 | 147.00 | OK | |
r-oldrel-macos-arm64 | 0.1.1 | 75.00 | OK | |||
r-oldrel-macos-x86_64 | 0.1.1 | 173.00 | OK | |||
r-oldrel-windows-x86_64 | 0.1.1 | 11.00 | 187.00 | 198.00 | OK |
Version: 0.1.1
Check: data for non-ASCII characters
Result: NOTE
Note: found 270 marked UTF-8 strings
Flavors: r-devel-linux-x86_64-fedora-clang, r-devel-linux-x86_64-fedora-gcc