Last updated on 2024-08-15 20:48:14 CEST.
Flavor | Version | Tinstall | Tcheck | Ttotal | Status | Flags |
---|---|---|---|---|---|---|
r-devel-linux-x86_64-debian-clang | 1.1 | 21.72 | 105.11 | 126.83 | NOTE | |
r-devel-linux-x86_64-debian-gcc | 1.1 | 18.41 | 78.75 | 97.16 | NOTE | |
r-devel-linux-x86_64-fedora-clang | 1.1 | 210.14 | NOTE | |||
r-devel-linux-x86_64-fedora-gcc | 1.1 | 195.60 | NOTE | |||
r-devel-windows-x86_64 | 1.1 | 15.00 | 114.00 | 129.00 | NOTE | |
r-patched-linux-x86_64 | 1.1 | 24.91 | 100.62 | 125.53 | NOTE | |
r-release-linux-x86_64 | 1.1 | 23.76 | 101.40 | 125.16 | NOTE | |
r-release-macos-arm64 | 1.1 | 48.00 | NOTE | |||
r-release-macos-x86_64 | 1.1 | 69.00 | NOTE | |||
r-release-windows-x86_64 | 1.1 | 16.00 | 118.00 | 134.00 | NOTE | |
r-oldrel-macos-arm64 | 1.1 | 40.00 | NOTE | |||
r-oldrel-macos-x86_64 | 1.1 | 70.00 | NOTE | |||
r-oldrel-windows-x86_64 | 1.1 | 20.00 | 132.00 | 152.00 | NOTE |
Version: 1.1
Check: LazyData
Result: NOTE
'LazyData' is specified without a 'data' directory
Flavors: r-devel-linux-x86_64-debian-clang, r-devel-linux-x86_64-debian-gcc, r-devel-linux-x86_64-fedora-clang, r-devel-linux-x86_64-fedora-gcc, r-devel-windows-x86_64, r-patched-linux-x86_64, r-release-linux-x86_64, r-release-macos-arm64, r-release-macos-x86_64, r-release-windows-x86_64, r-oldrel-macos-arm64, r-oldrel-macos-x86_64, r-oldrel-windows-x86_64