Last updated on 2024-08-15 20:48:14 CEST.
Flavor | Version | Tinstall | Tcheck | Ttotal | Status | Flags |
---|---|---|---|---|---|---|
r-devel-linux-x86_64-debian-clang | 2.0.0 | 9.45 | 101.25 | 110.70 | OK | |
r-devel-linux-x86_64-debian-gcc | 2.0.0 | 6.83 | 74.55 | 81.38 | OK | |
r-devel-linux-x86_64-fedora-clang | 2.0.0 | 174.70 | NOTE | |||
r-devel-linux-x86_64-fedora-gcc | 2.0.0 | 176.74 | NOTE | |||
r-devel-windows-x86_64 | 2.0.0 | 10.00 | 116.00 | 126.00 | OK | |
r-patched-linux-x86_64 | 2.0.0 | 9.41 | 99.26 | 108.67 | OK | |
r-release-linux-x86_64 | 2.0.0 | 10.19 | 98.13 | 108.32 | OK | |
r-release-macos-arm64 | 2.0.0 | 62.00 | OK | |||
r-release-macos-x86_64 | 2.0.0 | 90.00 | OK | |||
r-release-windows-x86_64 | 2.0.0 | 11.00 | 115.00 | 126.00 | OK | |
r-oldrel-macos-arm64 | 2.0.0 | 60.00 | OK | |||
r-oldrel-macos-x86_64 | 2.0.0 | 133.00 | OK | |||
r-oldrel-windows-x86_64 | 2.0.0 | 13.00 | 150.00 | 163.00 | OK |
Version: 2.0.0
Check: dependencies in R code
Result: NOTE
Namespace in Imports field not imported from: ‘Matrix’
All declared Imports should be used.
Flavors: r-devel-linux-x86_64-fedora-clang, r-devel-linux-x86_64-fedora-gcc