Last updated on 2024-08-15 20:48:14 CEST.
Flavor | Version | Tinstall | Tcheck | Ttotal | Status | Flags |
---|---|---|---|---|---|---|
r-devel-linux-x86_64-debian-clang | 0.1.1 | 6.68 | 50.93 | 57.61 | OK | |
r-devel-linux-x86_64-debian-gcc | 0.1.1 | 4.53 | 37.55 | 42.08 | OK | |
r-devel-linux-x86_64-fedora-clang | 0.1.1 | 91.53 | NOTE | |||
r-devel-linux-x86_64-fedora-gcc | 0.1.1 | 86.19 | NOTE | |||
r-devel-windows-x86_64 | 0.1.1 | 7.00 | 72.00 | 79.00 | OK | |
r-patched-linux-x86_64 | 0.1.1 | 5.54 | 48.53 | 54.07 | OK | |
r-release-linux-x86_64 | 0.1.1 | 6.12 | 48.55 | 54.67 | OK | |
r-release-macos-arm64 | 0.1.1 | 31.00 | OK | |||
r-release-macos-x86_64 | 0.1.1 | 47.00 | OK | |||
r-release-windows-x86_64 | 0.1.1 | 9.00 | 72.00 | 81.00 | OK | |
r-oldrel-macos-arm64 | 0.1.1 | 32.00 | OK | |||
r-oldrel-macos-x86_64 | 0.1.1 | 47.00 | OK | |||
r-oldrel-windows-x86_64 | 0.1.1 | 10.00 | 78.00 | 88.00 | OK |
Version: 0.1.1
Check: dependencies in R code
Result: NOTE
Namespace in Imports field not imported from: ‘dplyr’
All declared Imports should be used.
Flavors: r-devel-linux-x86_64-fedora-clang, r-devel-linux-x86_64-fedora-gcc