Last updated on 2024-08-15 20:48:14 CEST.
Flavor | Version | Tinstall | Tcheck | Ttotal | Status | Flags |
---|---|---|---|---|---|---|
r-devel-linux-x86_64-debian-clang | 0.1.0 | 13.40 | 104.05 | 117.45 | OK | |
r-devel-linux-x86_64-debian-gcc | 0.1.0 | 9.82 | 74.39 | 84.21 | OK | |
r-devel-linux-x86_64-fedora-clang | 0.1.0 | 187.93 | NOTE | |||
r-devel-linux-x86_64-fedora-gcc | 0.1.0 | 173.71 | NOTE | |||
r-devel-windows-x86_64 | 0.1.0 | 15.00 | 109.00 | 124.00 | OK | |
r-patched-linux-x86_64 | 0.1.0 | 11.81 | 96.86 | 108.67 | OK | |
r-release-linux-x86_64 | 0.1.0 | 12.87 | 96.95 | 109.82 | OK | |
r-release-macos-arm64 | 0.1.0 | 50.00 | OK | |||
r-release-macos-x86_64 | 0.1.0 | 73.00 | OK | |||
r-release-windows-x86_64 | 0.1.0 | 14.00 | 109.00 | 123.00 | OK | |
r-oldrel-macos-arm64 | 0.1.0 | 51.00 | OK | |||
r-oldrel-macos-x86_64 | 0.1.0 | 83.00 | OK | |||
r-oldrel-windows-x86_64 | 0.1.0 | 19.00 | 129.00 | 148.00 | OK |
Version: 0.1.0
Check: dependencies in R code
Result: NOTE
Namespaces in Imports field not imported from:
‘reticulate’ ‘tensorflow’
All declared Imports should be used.
Flavors: r-devel-linux-x86_64-fedora-clang, r-devel-linux-x86_64-fedora-gcc