Last updated on 2025-02-17 02:51:07 CET.
Flavor | Version | Tinstall | Tcheck | Ttotal | Status | Flags |
---|---|---|---|---|---|---|
r-devel-linux-x86_64-debian-clang | 1.1.0 | 10.56 | 117.13 | 127.69 | NOTE | |
r-devel-linux-x86_64-debian-gcc | 1.1.0 | 6.01 | 79.43 | 85.44 | NOTE | |
r-devel-linux-x86_64-fedora-clang | 1.1.0 | 212.69 | NOTE | |||
r-devel-linux-x86_64-fedora-gcc | 1.1.0 | 201.61 | NOTE | |||
r-devel-macos-arm64 | 1.1.0 | 66.00 | NOTE | |||
r-devel-macos-x86_64 | 1.1.0 | 116.00 | NOTE | |||
r-devel-windows-x86_64 | 1.1.0 | 12.00 | 131.00 | 143.00 | NOTE | |
r-patched-linux-x86_64 | 1.1.0 | 11.09 | 109.12 | 120.21 | NOTE | |
r-release-linux-x86_64 | 1.1.0 | 7.32 | 108.95 | 116.27 | NOTE | |
r-release-macos-arm64 | 1.1.0 | 56.00 | NOTE | |||
r-release-macos-x86_64 | 1.1.0 | 93.00 | NOTE | |||
r-release-windows-x86_64 | 1.1.0 | 11.00 | 133.00 | 144.00 | NOTE | |
r-oldrel-macos-arm64 | 1.1.0 | 67.00 | OK | |||
r-oldrel-macos-x86_64 | 1.1.0 | 136.00 | OK | |||
r-oldrel-windows-x86_64 | 1.1.0 | 15.00 | 155.00 | 170.00 | OK |
Version: 1.1.0
Check: Rd files
Result: NOTE
checkRd: (-1) value_missing_table.Rd:19: Lost braces in \itemize; \value handles \item{}{} directly
checkRd: (-1) value_missing_table.Rd:20: Lost braces in \itemize; \value handles \item{}{} directly
Flavors: r-devel-linux-x86_64-debian-clang, r-devel-linux-x86_64-debian-gcc, r-devel-linux-x86_64-fedora-clang, r-devel-linux-x86_64-fedora-gcc, r-devel-macos-arm64, r-devel-macos-x86_64, r-devel-windows-x86_64, r-patched-linux-x86_64, r-release-linux-x86_64, r-release-macos-arm64, r-release-macos-x86_64, r-release-windows-x86_64