Last updated on 2024-08-15 20:48:13 CEST.
Flavor | Version | Tinstall | Tcheck | Ttotal | Status | Flags |
---|---|---|---|---|---|---|
r-devel-linux-x86_64-debian-clang | 0.6.8 | 19.52 | 102.17 | 121.69 | NOTE | |
r-devel-linux-x86_64-debian-gcc | 0.6.8 | 14.28 | 71.46 | 85.74 | NOTE | |
r-devel-linux-x86_64-fedora-clang | 0.6.8 | 192.89 | NOTE | |||
r-devel-linux-x86_64-fedora-gcc | 0.6.8 | 194.30 | NOTE | |||
r-devel-windows-x86_64 | 0.6.8 | 24.00 | 336.00 | 360.00 | NOTE | |
r-patched-linux-x86_64 | 0.6.8 | 29.85 | 95.19 | 125.04 | NOTE | |
r-release-linux-x86_64 | 0.6.8 | 18.53 | 96.12 | 114.65 | NOTE | |
r-release-macos-arm64 | 0.6.8 | 231.00 | NOTE | |||
r-release-macos-x86_64 | 0.6.8 | 251.00 | NOTE | |||
r-release-windows-x86_64 | 0.6.8 | 23.00 | 334.00 | 357.00 | NOTE | |
r-oldrel-macos-arm64 | 0.6.8 | 214.00 | NOTE | |||
r-oldrel-macos-x86_64 | 0.6.8 | 265.00 | NOTE | |||
r-oldrel-windows-x86_64 | 0.6.8 | 30.00 | 358.00 | 388.00 | OK |
Version: 0.6.8
Check: package dependencies
Result: NOTE
Package suggested but not available for checking: ‘msa’
Flavors: r-devel-linux-x86_64-debian-clang, r-oldrel-macos-arm64, r-oldrel-macos-x86_64
Version: 0.6.8
Check: Rd files
Result: NOTE
checkRd: (-1) is_datelife_query.Rd:17: Lost braces; missing escapes or markup?
17 | First, that \code{input} is of class {datelifeQuery}.
| ^
Flavors: r-devel-linux-x86_64-debian-clang, r-devel-linux-x86_64-debian-gcc, r-devel-linux-x86_64-fedora-clang, r-devel-linux-x86_64-fedora-gcc, r-devel-windows-x86_64, r-patched-linux-x86_64, r-release-linux-x86_64, r-release-macos-arm64, r-release-macos-x86_64, r-release-windows-x86_64
Version: 0.6.8
Check: Rd cross-references
Result: NOTE
Found the following Rd file(s) with Rd \link{} targets missing package
anchors:
clean_taxon_info_children.Rd: taxonomy_taxon_info
Please provide package anchors for all Rd \link{} targets not in the
package itself and the base packages.
Flavors: r-devel-linux-x86_64-debian-clang, r-devel-linux-x86_64-debian-gcc, r-devel-windows-x86_64
Version: 0.6.8
Check: HTML version of manual
Result: NOTE
Found the following HTML validation problems:
get_dated_otol_induced_subtree.html:53:1 (get_dated_otol_induced_subtree.Rd:19): Warning: trimming empty <dt>
get_otol_synthetic_tree.html:67:1 (get_otol_synthetic_tree.Rd:29): Warning: trimming empty <dt>
summary_matrix_to_phylo.html:89:1 (summary_matrix_to_phylo.Rd:42): Warning: trimming empty <dt>
Flavors: r-devel-linux-x86_64-debian-clang, r-devel-linux-x86_64-debian-gcc, r-devel-linux-x86_64-fedora-clang, r-devel-linux-x86_64-fedora-gcc, r-devel-windows-x86_64, r-patched-linux-x86_64, r-release-linux-x86_64, r-release-windows-x86_64
Version: 0.6.8
Check: package dependencies
Result: NOTE
Imports includes 22 non-default packages.
Importing from so many packages makes the package vulnerable to any of
them becoming unavailable. Move as many as possible to Suggests and
use conditionally.
Flavor: r-devel-linux-x86_64-fedora-clang
Version: 0.6.8
Check: data for non-ASCII characters
Result: NOTE
Note: found 2596 marked UTF-8 strings
Flavors: r-devel-linux-x86_64-fedora-clang, r-devel-linux-x86_64-fedora-gcc
Version: 0.6.8
Check: installed package size
Result: NOTE
installed size is 5.6Mb
sub-directories of 1Mb or more:
data 3.5Mb
Flavors: r-release-macos-arm64, r-release-macos-x86_64, r-oldrel-macos-arm64, r-oldrel-macos-x86_64