Last updated on 2024-08-16 09:49:02 CEST.
Flavor | Version | Tinstall | Tcheck | Ttotal | Status | Flags |
---|---|---|---|---|---|---|
r-devel-linux-x86_64-debian-clang | 0.4-4 | 5.72 | 34.54 | 40.26 | NOTE | |
r-devel-linux-x86_64-debian-gcc | 0.4-4 | 3.81 | 26.16 | 29.97 | NOTE | |
r-devel-linux-x86_64-fedora-clang | 0.4-4 | 63.40 | OK | |||
r-devel-linux-x86_64-fedora-gcc | 0.4-4 | 59.44 | OK | |||
r-devel-windows-x86_64 | 0.4-4 | 6.00 | 53.00 | 59.00 | NOTE | |
r-patched-linux-x86_64 | 0.4-4 | 8.86 | 32.87 | 41.73 | OK | |
r-release-linux-x86_64 | 0.4-4 | 4.66 | 32.86 | 37.52 | OK | |
r-release-macos-arm64 | 0.4-4 | 23.00 | OK | |||
r-release-macos-x86_64 | 0.4-4 | 36.00 | OK | |||
r-release-windows-x86_64 | 0.4-4 | 6.00 | 53.00 | 59.00 | OK | |
r-oldrel-macos-arm64 | 0.4-4 | 29.00 | OK | |||
r-oldrel-macos-x86_64 | 0.4-4 | 60.00 | OK | |||
r-oldrel-windows-x86_64 | 0.4-4 | 8.00 | 57.00 | 65.00 | OK |
Version: 0.4-4
Check: Rd cross-references
Result: NOTE
Found the following Rd file(s) with Rd \link{} targets missing package
anchors:
StoragehubManager.Rd: R6Class
d4storagehub4RLogger.Rd: R6Class
Please provide package anchors for all Rd \link{} targets not in the
package itself and the base packages.
Flavors: r-devel-linux-x86_64-debian-clang, r-devel-linux-x86_64-debian-gcc, r-devel-windows-x86_64