Last updated on 2024-08-15 20:48:13 CEST.
Flavor | Version | Tinstall | Tcheck | Ttotal | Status | Flags |
---|---|---|---|---|---|---|
r-devel-linux-x86_64-debian-clang | 1.11-3 | 13.75 | 160.06 | 173.81 | OK | |
r-devel-linux-x86_64-debian-gcc | 1.11-3 | 12.34 | 113.57 | 125.91 | OK | |
r-devel-linux-x86_64-fedora-clang | 1.11-3 | 292.71 | NOTE | |||
r-devel-linux-x86_64-fedora-gcc | 1.11-3 | 285.15 | OK | |||
r-devel-windows-x86_64 | 1.11-3 | 21.00 | 165.00 | 186.00 | OK | |
r-patched-linux-x86_64 | 1.11-3 | 13.55 | 153.54 | 167.09 | OK | |
r-release-linux-x86_64 | 1.11-3 | 13.83 | 152.56 | 166.39 | OK | |
r-release-macos-arm64 | 1.11-3 | 45.00 | OK | |||
r-release-macos-x86_64 | 1.11-3 | 107.00 | OK | |||
r-release-windows-x86_64 | 1.11-3 | 21.00 | 162.00 | 183.00 | OK | |
r-oldrel-macos-arm64 | 1.11-3 | 60.00 | OK | |||
r-oldrel-macos-x86_64 | 1.11-3 | 101.00 | OK | |||
r-oldrel-windows-x86_64 | 1.11-3 | 24.00 | 200.00 | 224.00 | OK |
Version: 1.11-3
Check: Rd cross-references
Result: NOTE
Undeclared packages ‘dbscan’, ‘stops’ in Rd xrefs
Flavor: r-devel-linux-x86_64-fedora-clang