Last updated on 2025-02-17 02:51:06 CET.
Flavor | Version | Tinstall | Tcheck | Ttotal | Status | Flags |
---|---|---|---|---|---|---|
r-devel-linux-x86_64-debian-clang | 0.1.7 | 146.81 | 70.66 | 217.47 | NOTE | |
r-devel-linux-x86_64-debian-gcc | 0.1.7 | 111.52 | 50.85 | 162.37 | NOTE | |
r-devel-linux-x86_64-fedora-clang | 0.1.7 | 427.47 | NOTE | |||
r-devel-linux-x86_64-fedora-gcc | 0.1.7 | 419.00 | NOTE | |||
r-devel-macos-arm64 | 0.1.7 | 95.00 | NOTE | |||
r-devel-macos-x86_64 | 0.1.7 | 125.00 | NOTE | |||
r-devel-windows-x86_64 | 0.1.7 | 156.00 | 100.00 | 256.00 | NOTE | |
r-patched-linux-x86_64 | 0.1.7 | 154.58 | 63.95 | 218.53 | NOTE | |
r-release-linux-x86_64 | 0.1.7 | 151.72 | 64.14 | 215.86 | NOTE | |
r-release-macos-arm64 | 0.1.7 | 89.00 | NOTE | |||
r-release-macos-x86_64 | 0.1.7 | 100.00 | NOTE | |||
r-release-windows-x86_64 | 0.1.7 | 160.00 | 110.00 | 270.00 | NOTE | |
r-oldrel-macos-arm64 | 0.1.7 | 130.00 | NOTE | |||
r-oldrel-macos-x86_64 | 0.1.7 | 198.00 | NOTE | |||
r-oldrel-windows-x86_64 | 0.1.7 | 197.00 | 130.00 | 327.00 | NOTE |
Version: 0.1.7
Check: C++ specification
Result: NOTE
Specified C++11: please drop specification unless essential
Flavors: r-devel-linux-x86_64-debian-clang, r-devel-linux-x86_64-debian-gcc, r-devel-linux-x86_64-fedora-clang, r-devel-linux-x86_64-fedora-gcc, r-devel-macos-arm64, r-devel-macos-x86_64, r-devel-windows-x86_64, r-patched-linux-x86_64, r-release-linux-x86_64, r-release-macos-arm64, r-release-macos-x86_64, r-release-windows-x86_64, r-oldrel-macos-arm64, r-oldrel-macos-x86_64, r-oldrel-windows-x86_64
Version: 0.1.7
Check: dependencies in R code
Result: NOTE
Namespaces in Imports field not imported from:
‘base’ ‘lwgeom’ ‘s2’
All declared Imports should be used.
Flavors: r-devel-linux-x86_64-fedora-clang, r-devel-linux-x86_64-fedora-gcc
Version: 0.1.7
Check: installed package size
Result: NOTE
installed size is 10.6Mb
sub-directories of 1Mb or more:
libs 10.2Mb
Flavors: r-release-macos-arm64, r-release-macos-x86_64, r-oldrel-macos-arm64, r-oldrel-macos-x86_64