Last updated on 2024-08-15 20:48:13 CEST.
Flavor | Version | Tinstall | Tcheck | Ttotal | Status | Flags |
---|---|---|---|---|---|---|
r-devel-linux-x86_64-debian-clang | 0.9.4 | 52.66 | 74.99 | 127.65 | OK | |
r-devel-linux-x86_64-debian-gcc | 0.9.4 | 39.03 | 60.20 | 99.23 | OK | |
r-devel-linux-x86_64-fedora-clang | 0.9.4 | 212.18 | NOTE | |||
r-devel-linux-x86_64-fedora-gcc | 0.9.4 | 230.65 | NOTE | |||
r-devel-windows-x86_64 | 0.9.4 | 58.00 | 110.00 | 168.00 | OK | |
r-patched-linux-x86_64 | 0.9.4 | 52.56 | 71.29 | 123.85 | OK | |
r-release-linux-x86_64 | 0.9.4 | 50.18 | 70.43 | 120.61 | OK | |
r-release-macos-arm64 | 0.9.4 | 100.00 | NOTE | |||
r-release-macos-x86_64 | 0.9.4 | 127.00 | NOTE | |||
r-release-windows-x86_64 | 0.9.4 | 63.00 | 103.00 | 166.00 | OK | |
r-oldrel-macos-arm64 | 0.9.4 | 109.00 | NOTE | |||
r-oldrel-macos-x86_64 | 0.9.4 | 151.00 | NOTE | |||
r-oldrel-windows-x86_64 | 0.9.4 | 69.00 | 125.00 | 194.00 | OK |
Version: 0.9.4
Check: dependencies in R code
Result: NOTE
Namespace in Imports field not imported from: ‘R6’
All declared Imports should be used.
Flavors: r-devel-linux-x86_64-fedora-clang, r-devel-linux-x86_64-fedora-gcc
Version: 0.9.4
Check: installed package size
Result: NOTE
installed size is 16.6Mb
sub-directories of 1Mb or more:
libs 16.0Mb
Flavors: r-release-macos-arm64, r-release-macos-x86_64, r-oldrel-macos-arm64, r-oldrel-macos-x86_64