Last updated on 2024-08-15 20:48:13 CEST.
Flavor | Version | Tinstall | Tcheck | Ttotal | Status | Flags |
---|---|---|---|---|---|---|
r-devel-linux-x86_64-debian-clang | 0.9.0 | 49.97 | 348.64 | 398.61 | NOTE | |
r-devel-linux-x86_64-debian-gcc | 0.9.0 | 38.89 | 224.72 | 263.61 | NOTE | |
r-devel-linux-x86_64-fedora-clang | 0.9.0 | 647.95 | NOTE | |||
r-devel-linux-x86_64-fedora-gcc | 0.9.0 | 634.85 | NOTE | |||
r-devel-windows-x86_64 | 0.9.0 | 52.00 | 282.00 | 334.00 | NOTE | |
r-patched-linux-x86_64 | 0.9.0 | 47.22 | 328.49 | 375.71 | NOTE | |
r-release-linux-x86_64 | 0.9.0 | 45.80 | 330.46 | 376.26 | NOTE | |
r-release-macos-arm64 | 0.9.0 | 140.00 | NOTE | |||
r-release-macos-x86_64 | 0.9.0 | 243.00 | NOTE | |||
r-release-windows-x86_64 | 0.9.0 | 53.00 | 284.00 | 337.00 | NOTE | |
r-oldrel-macos-arm64 | 0.9.0 | 158.00 | NOTE | |||
r-oldrel-macos-x86_64 | 0.9.0 | 293.00 | NOTE | |||
r-oldrel-windows-x86_64 | 0.9.0 | 66.00 | 393.00 | 459.00 | NOTE |
Version: 0.9.0
Check: C++ specification
Result: NOTE
Specified C++11: please drop specification unless essential
Flavors: r-devel-linux-x86_64-debian-clang, r-devel-linux-x86_64-debian-gcc, r-devel-linux-x86_64-fedora-clang, r-devel-linux-x86_64-fedora-gcc, r-devel-windows-x86_64, r-patched-linux-x86_64, r-release-linux-x86_64, r-release-macos-arm64, r-release-macos-x86_64, r-release-windows-x86_64, r-oldrel-macos-arm64, r-oldrel-macos-x86_64, r-oldrel-windows-x86_64
Version: 0.9.0
Check: package subdirectories
Result: NOTE
Problems with news in ‘NEWS.md’:
Cannot extract version info from the following section titles:
clhs_0.7-2
clhs_0.7-0
clhs_0.6-0
clhs_0.5-7
clhs_0.5-6
clhs_0.5-3
clhs_0.5-2
clhs_0.5-1
clhs_0.5-0
clhs_0.4-3
clhs_0.4-2
clhs_0.4-1
clhs_0.4-0
clhs_0.3-2
clhs_0.3-1
clhs_0.3-0
clhs_0.2-1
clhs_0.2-0
clhs_0.1-0
Flavors: r-devel-linux-x86_64-debian-clang, r-devel-linux-x86_64-debian-gcc, r-devel-linux-x86_64-fedora-clang, r-devel-linux-x86_64-fedora-gcc, r-devel-windows-x86_64, r-patched-linux-x86_64, r-release-linux-x86_64, r-release-macos-arm64, r-release-macos-x86_64, r-release-windows-x86_64, r-oldrel-macos-arm64, r-oldrel-macos-x86_64, r-oldrel-windows-x86_64
Version: 0.9.0
Check: dependencies in R code
Result: NOTE
Namespace in Imports field not imported from: ‘sp’
All declared Imports should be used.
Flavors: r-devel-linux-x86_64-fedora-clang, r-devel-linux-x86_64-fedora-gcc