Last updated on 2024-08-16 09:49:01 CEST.
Flavor | Version | Tinstall | Tcheck | Ttotal | Status | Flags |
---|---|---|---|---|---|---|
r-devel-linux-x86_64-debian-clang | 0.15.1 | 15.60 | 107.67 | 123.27 | OK | |
r-devel-linux-x86_64-debian-gcc | 0.15.1 | 12.97 | 70.27 | 83.24 | OK | |
r-devel-linux-x86_64-fedora-clang | 0.15.1 | 205.02 | NOTE | |||
r-devel-linux-x86_64-fedora-gcc | 0.15.1 | 186.88 | OK | |||
r-devel-windows-x86_64 | 0.15.1 | 23.00 | 130.00 | 153.00 | NOTE | |
r-patched-linux-x86_64 | 0.15.1 | 19.41 | 98.38 | 117.79 | OK | |
r-release-linux-x86_64 | 0.15.1 | 13.92 | 99.02 | 112.94 | OK | |
r-release-macos-arm64 | 0.15.1 | 58.00 | NOTE | |||
r-release-macos-x86_64 | 0.15.1 | 143.00 | NOTE | |||
r-release-windows-x86_64 | 0.15.1 | 25.00 | 128.00 | 153.00 | NOTE | |
r-oldrel-macos-arm64 | 0.15.1 | 62.00 | NOTE | |||
r-oldrel-macos-x86_64 | 0.15.1 | 101.00 | NOTE | |||
r-oldrel-windows-x86_64 | 0.15.1 | 26.00 | 153.00 | 179.00 | NOTE |
Version: 0.15.1
Check: installed package size
Result: NOTE
installed size is 6.7Mb
sub-directories of 1Mb or more:
R 1.8Mb
extdata 4.3Mb
Flavors: r-devel-linux-x86_64-fedora-clang, r-devel-windows-x86_64, r-release-macos-arm64, r-release-macos-x86_64, r-release-windows-x86_64, r-oldrel-macos-arm64, r-oldrel-macos-x86_64, r-oldrel-windows-x86_64