Last updated on 2024-08-15 20:48:12 CEST.
Flavor | Version | Tinstall | Tcheck | Ttotal | Status | Flags |
---|---|---|---|---|---|---|
r-devel-linux-x86_64-debian-clang | 3.0-5 | 2.62 | 21.23 | 23.85 | NOTE | |
r-devel-linux-x86_64-debian-gcc | 3.0-5 | 2.11 | 16.23 | 18.34 | NOTE | |
r-devel-linux-x86_64-fedora-clang | 3.0-5 | 39.02 | NOTE | |||
r-devel-linux-x86_64-fedora-gcc | 3.0-5 | 37.38 | NOTE | |||
r-devel-windows-x86_64 | 3.0-5 | 6.00 | 53.00 | 59.00 | NOTE | |
r-patched-linux-x86_64 | 3.0-5 | 4.48 | 20.07 | 24.55 | NOTE | |
r-release-linux-x86_64 | 3.0-5 | 2.54 | 19.60 | 22.14 | NOTE | |
r-release-macos-arm64 | 3.0-5 | 16.00 | NOTE | |||
r-release-macos-x86_64 | 3.0-5 | 27.00 | NOTE | |||
r-release-windows-x86_64 | 3.0-5 | 7.00 | 54.00 | 61.00 | NOTE | |
r-oldrel-macos-arm64 | 3.0-5 | 18.00 | NOTE | |||
r-oldrel-macos-x86_64 | 3.0-5 | 23.00 | NOTE | |||
r-oldrel-windows-x86_64 | 3.0-5 | 6.00 | 57.00 | 63.00 | NOTE |
Version: 3.0-5
Check: Rd files
Result: NOTE
checkRd: (-1) States.Rd:48: Escaped LaTeX specials: \$
Flavors: r-devel-linux-x86_64-debian-clang, r-devel-linux-x86_64-debian-gcc, r-devel-linux-x86_64-fedora-clang, r-devel-linux-x86_64-fedora-gcc, r-devel-windows-x86_64, r-patched-linux-x86_64, r-release-linux-x86_64, r-release-macos-arm64, r-release-macos-x86_64, r-release-windows-x86_64, r-oldrel-macos-arm64, r-oldrel-macos-x86_64, r-oldrel-windows-x86_64