Last updated on 2025-02-17 02:51:05 CET.
Flavor | Version | Tinstall | Tcheck | Ttotal | Status | Flags |
---|---|---|---|---|---|---|
r-devel-linux-x86_64-debian-clang | 0.13.0 | 5.43 | 55.47 | 60.90 | OK | |
r-devel-linux-x86_64-debian-gcc | 0.13.0 | 3.84 | 40.10 | 43.94 | OK | |
r-devel-linux-x86_64-fedora-clang | 0.13.0 | 100.36 | OK | |||
r-devel-linux-x86_64-fedora-gcc | 0.13.0 | 90.45 | OK | |||
r-devel-macos-arm64 | 0.13.0 | 32.00 | OK | |||
r-devel-macos-x86_64 | 0.13.0 | 61.00 | OK | |||
r-devel-windows-x86_64 | 0.13.0 | 6.00 | 75.00 | 81.00 | OK | |
r-patched-linux-x86_64 | 0.13.0 | 5.60 | 52.54 | 58.14 | OK | |
r-release-linux-x86_64 | 0.13.0 | 4.54 | 53.06 | 57.60 | OK | |
r-release-macos-arm64 | 0.13.0 | 29.00 | OK | |||
r-release-macos-x86_64 | 0.13.0 | 53.00 | OK | |||
r-release-windows-x86_64 | 0.13.0 | 8.00 | 79.00 | 87.00 | OK | |
r-oldrel-macos-arm64 | 0.13.0 | 5.00 | ERROR | |||
r-oldrel-macos-x86_64 | 0.13.0 | 59.00 | OK | |||
r-oldrel-windows-x86_64 | 0.13.0 | 8.00 | 105.00 | 113.00 | OK |
Version: 0.13.0
Check: package dependencies
Result: ERROR
Package required but not available: ‘aroma.core’
See section ‘The DESCRIPTION file’ in the ‘Writing R Extensions’
manual.
Flavor: r-oldrel-macos-arm64