Last updated on 2024-08-15 20:48:12 CEST.
Flavor | Version | Tinstall | Tcheck | Ttotal | Status | Flags |
---|---|---|---|---|---|---|
r-devel-linux-x86_64-debian-clang | 1.0 | 111.94 | 37.98 | 149.92 | OK | |
r-devel-linux-x86_64-debian-gcc | 1.0 | 84.50 | 28.04 | 112.54 | OK | |
r-devel-linux-x86_64-fedora-clang | 1.0 | 303.90 | OK | |||
r-devel-linux-x86_64-fedora-gcc | 1.0 | 318.19 | OK | |||
r-devel-windows-x86_64 | 1.0 | 123.00 | 80.00 | 203.00 | OK | |
r-patched-linux-x86_64 | 1.0 | 118.53 | 36.20 | 154.73 | OK | |
r-release-linux-x86_64 | 1.0 | 116.68 | 36.24 | 152.92 | OK | |
r-release-macos-arm64 | 1.0 | 62.00 | NOTE | |||
r-release-macos-x86_64 | 1.0 | 115.00 | NOTE | |||
r-release-windows-x86_64 | 1.0 | 122.00 | 80.00 | 202.00 | OK | |
r-oldrel-macos-arm64 | 1.0 | 66.00 | NOTE | |||
r-oldrel-macos-x86_64 | 1.0 | 74.00 | NOTE | |||
r-oldrel-windows-x86_64 | 1.0 | 146.00 | 100.00 | 246.00 | OK |
Version: 1.0
Check: installed package size
Result: NOTE
installed size is 8.1Mb
sub-directories of 1Mb or more:
libs 7.7Mb
Flavors: r-release-macos-arm64, r-release-macos-x86_64, r-oldrel-macos-arm64, r-oldrel-macos-x86_64