Last updated on 2025-02-17 02:51:04 CET.
Flavor | Version | Tinstall | Tcheck | Ttotal | Status | Flags |
---|---|---|---|---|---|---|
r-devel-linux-x86_64-debian-clang | 1.3-0 | 1.62 | 30.94 | 32.56 | NOTE | |
r-devel-linux-x86_64-debian-gcc | 1.3-0 | 1.37 | 24.59 | 25.96 | NOTE | |
r-devel-linux-x86_64-fedora-clang | 1.3-0 | 53.38 | OK | |||
r-devel-linux-x86_64-fedora-gcc | 1.3-0 | 49.70 | OK | |||
r-devel-macos-arm64 | 1.3-0 | 19.00 | OK | |||
r-devel-macos-x86_64 | 1.3-0 | 51.00 | OK | |||
r-devel-windows-x86_64 | 1.3-0 | 3.00 | 59.00 | 62.00 | OK | |
r-patched-linux-x86_64 | 1.3-0 | 1.54 | 28.49 | 30.03 | OK | |
r-release-linux-x86_64 | 1.3-0 | 1.67 | 28.58 | 30.25 | OK | |
r-release-macos-arm64 | 1.3-0 | 26.00 | OK | |||
r-release-macos-x86_64 | 1.3-0 | 33.00 | OK | |||
r-release-windows-x86_64 | 1.3-0 | 3.00 | 50.00 | 53.00 | OK | |
r-oldrel-macos-arm64 | 1.3-0 | 40.00 | OK | |||
r-oldrel-macos-x86_64 | 1.3-0 | 68.00 | OK | |||
r-oldrel-windows-x86_64 | 1.3-0 | 3.00 | 74.00 | 77.00 | OK |
Version: 1.3-0
Check: for unstated dependencies in ‘demo’
Result: NOTE
'library' or 'require' call not declared from: ‘survival’
Flavors: r-devel-linux-x86_64-debian-clang, r-devel-linux-x86_64-debian-gcc