Last updated on 2024-08-15 20:48:11 CEST.
Flavor | Version | Tinstall | Tcheck | Ttotal | Status | Flags |
---|---|---|---|---|---|---|
r-devel-linux-x86_64-debian-clang | 0.2.8 | 59.40 | 54.79 | 114.19 | NOTE | |
r-devel-linux-x86_64-debian-gcc | 0.2.8 | 42.41 | 39.31 | 81.72 | NOTE | |
r-devel-linux-x86_64-fedora-clang | 0.2.8 | 219.07 | NOTE | |||
r-devel-linux-x86_64-fedora-gcc | 0.2.8 | 223.58 | NOTE | |||
r-devel-windows-x86_64 | 0.2.8 | 75.00 | 95.00 | 170.00 | NOTE | |
r-patched-linux-x86_64 | 0.2.8 | 63.71 | 51.18 | 114.89 | NOTE | |
r-release-linux-x86_64 | 0.2.8 | 60.12 | 51.63 | 111.75 | NOTE | |
r-release-macos-arm64 | 0.2.8 | 75.00 | NOTE | |||
r-release-macos-x86_64 | 0.2.8 | 87.00 | NOTE | |||
r-release-windows-x86_64 | 0.2.8 | 76.00 | 94.00 | 170.00 | NOTE | |
r-oldrel-macos-arm64 | 0.2.8 | 79.00 | NOTE | |||
r-oldrel-macos-x86_64 | 0.2.8 | 303.00 | NOTE | |||
r-oldrel-windows-x86_64 | 0.2.8 | 89.00 | 113.00 | 202.00 | NOTE |
Version: 0.2.8
Check: C++ specification
Result: NOTE
Specified C++11: please drop specification unless essential
Flavors: r-devel-linux-x86_64-debian-clang, r-devel-linux-x86_64-debian-gcc, r-devel-linux-x86_64-fedora-clang, r-devel-linux-x86_64-fedora-gcc, r-devel-windows-x86_64, r-patched-linux-x86_64, r-release-linux-x86_64, r-release-macos-arm64, r-release-macos-x86_64, r-release-windows-x86_64, r-oldrel-macos-arm64, r-oldrel-macos-x86_64, r-oldrel-windows-x86_64
Version: 0.2.8
Check: Rd cross-references
Result: NOTE
Found the following Rd file(s) with Rd \link{} targets missing package
anchors:
read_audio.Rd: Wave
Please provide package anchors for all Rd \link{} targets not in the
package itself and the base packages.
Flavors: r-devel-linux-x86_64-debian-clang, r-devel-linux-x86_64-debian-gcc, r-devel-windows-x86_64
Version: 0.2.8
Check: installed package size
Result: NOTE
installed size is 5.9Mb
sub-directories of 1Mb or more:
libs 4.4Mb
Flavors: r-release-macos-arm64, r-release-macos-x86_64, r-oldrel-macos-arm64, r-oldrel-macos-x86_64