Last updated on 2024-08-15 20:48:11 CEST.
Flavor | Version | Tinstall | Tcheck | Ttotal | Status | Flags |
---|---|---|---|---|---|---|
r-devel-linux-x86_64-debian-clang | 0.0.2.1 | 247.72 | 192.97 | 440.69 | NOTE | |
r-devel-linux-x86_64-debian-gcc | 0.0.2.1 | 224.13 | 157.66 | 381.79 | NOTE | |
r-devel-linux-x86_64-fedora-clang | 0.0.2.1 | 685.70 | NOTE | |||
r-devel-linux-x86_64-fedora-gcc | 0.0.2.1 | 889.88 | NOTE | |||
r-devel-windows-x86_64 | 0.0.2.1 | 239.00 | 258.00 | 497.00 | NOTE | |
r-patched-linux-x86_64 | 0.0.2.1 | 264.33 | 208.08 | 472.41 | NOTE | |
r-release-linux-x86_64 | 0.0.2.1 | 275.64 | 215.73 | 491.37 | NOTE | |
r-release-macos-arm64 | 0.0.2.1 | 198.00 | NOTE | |||
r-release-macos-x86_64 | 0.0.2.1 | 425.00 | NOTE | |||
r-release-windows-x86_64 | 0.0.2.1 | 242.00 | 262.00 | 504.00 | NOTE | |
r-oldrel-macos-arm64 | 0.0.2.1 | 203.00 | NOTE | |||
r-oldrel-macos-x86_64 | 0.0.2.1 | 353.00 | NOTE | |||
r-oldrel-windows-x86_64 | 0.0.2.1 | 312.00 | 312.00 | 624.00 | NOTE |
Version: 0.0.2.1
Check: for GNU extensions in Makefiles
Result: NOTE
GNU make is a SystemRequirements.
Flavors: r-devel-linux-x86_64-debian-clang, r-devel-linux-x86_64-debian-gcc, r-devel-linux-x86_64-fedora-clang, r-devel-linux-x86_64-fedora-gcc, r-devel-windows-x86_64, r-patched-linux-x86_64, r-release-linux-x86_64, r-release-macos-arm64, r-release-macos-x86_64, r-release-windows-x86_64, r-oldrel-macos-arm64, r-oldrel-macos-x86_64, r-oldrel-windows-x86_64
Version: 0.0.2.1
Check: dependencies in R code
Result: NOTE
Namespace in Imports field not imported from: ‘rstantools’
All declared Imports should be used.
Flavors: r-devel-linux-x86_64-fedora-clang, r-devel-linux-x86_64-fedora-gcc
Version: 0.0.2.1
Check: installed package size
Result: NOTE
installed size is 54.6Mb
sub-directories of 1Mb or more:
libs 54.2Mb
Flavors: r-release-macos-arm64, r-release-macos-x86_64, r-oldrel-macos-arm64, r-oldrel-macos-x86_64