Last updated on 2024-08-15 20:48:11 CEST.
Flavor | Version | Tinstall | Tcheck | Ttotal | Status | Flags |
---|---|---|---|---|---|---|
r-devel-linux-x86_64-debian-clang | 0.3.0 | 70.06 | 24.58 | 94.64 | OK | |
r-devel-linux-x86_64-debian-gcc | 0.3.0 | 56.15 | 24.97 | 81.12 | OK | |
r-devel-linux-x86_64-fedora-clang | 0.3.0 | 148.98 | OK | |||
r-devel-linux-x86_64-fedora-gcc | 0.3.0 | 193.70 | OK | |||
r-devel-windows-x86_64 | 0.3.0 | 64.00 | 67.00 | 131.00 | OK | |
r-patched-linux-x86_64 | 0.3.0 | 75.15 | 31.60 | 106.75 | OK | |
r-release-linux-x86_64 | 0.3.0 | 75.11 | 31.61 | 106.72 | OK | |
r-release-macos-arm64 | 0.3.0 | 43.00 | NOTE | |||
r-release-macos-x86_64 | 0.3.0 | 57.00 | NOTE | |||
r-release-windows-x86_64 | 0.3.0 | 66.00 | 69.00 | 135.00 | OK | |
r-oldrel-macos-arm64 | 0.3.0 | 48.00 | NOTE | |||
r-oldrel-macos-x86_64 | 0.3.0 | 69.00 | NOTE | |||
r-oldrel-windows-x86_64 | 0.3.0 | 81.00 | 77.00 | 158.00 | OK |
Version: 0.3.0
Check: installed package size
Result: NOTE
installed size is 19.7Mb
sub-directories of 1Mb or more:
libs 19.6Mb
Flavors: r-release-macos-arm64, r-release-macos-x86_64, r-oldrel-macos-arm64, r-oldrel-macos-x86_64