Last updated on 2024-08-15 20:48:11 CEST.
Flavor | Version | Tinstall | Tcheck | Ttotal | Status | Flags |
---|---|---|---|---|---|---|
r-devel-linux-x86_64-debian-clang | 0.2-30 | 31.23 | 131.65 | 162.88 | NOTE | |
r-devel-linux-x86_64-debian-gcc | 0.2-30 | 19.88 | 88.21 | 108.09 | NOTE | |
r-devel-linux-x86_64-fedora-clang | 0.2-30 | 290.15 | NOTE | |||
r-devel-linux-x86_64-fedora-gcc | 0.2-30 | 257.85 | NOTE | |||
r-devel-windows-x86_64 | 0.2-30 | 42.00 | 143.00 | 185.00 | NOTE | |
r-patched-linux-x86_64 | 0.2-30 | 32.88 | 120.11 | 152.99 | OK | |
r-release-linux-x86_64 | 0.2-30 | 29.22 | 123.38 | 152.60 | OK | |
r-release-macos-arm64 | 0.2-30 | 74.00 | OK | |||
r-release-macos-x86_64 | 0.2-30 | 111.00 | OK | |||
r-release-windows-x86_64 | 0.2-30 | 43.00 | 142.00 | 185.00 | NOTE | |
r-oldrel-macos-arm64 | 0.2-30 | 78.00 | OK | |||
r-oldrel-macos-x86_64 | 0.2-30 | 207.00 | OK | |||
r-oldrel-windows-x86_64 | 0.2-30 | 40.00 | 182.00 | 222.00 | NOTE |
Version: 0.2-30
Check: Rd cross-references
Result: NOTE
Found the following Rd file(s) with Rd \link{} targets missing package
anchors:
sequencerules-class.Rd: is.redundant
sequences-class.Rd: tidLists-class
Please provide package anchors for all Rd \link{} targets not in the
package itself and the base packages.
Flavors: r-devel-linux-x86_64-debian-clang, r-devel-linux-x86_64-debian-gcc, r-devel-windows-x86_64
Version: 0.2-30
Check: compiled code
Result: NOTE
File ‘arulesSequences/libs/arulesSequences.so’:
Found non-API call to R: ‘Rf_NonNullStringMatch’
Compiled code should not call non-API entry points in R.
See ‘Writing portable packages’ in the ‘Writing R Extensions’ manual,
and section ‘Moving into C API compliance’ for issues with the use of
non-API entry points.
Flavors: r-devel-linux-x86_64-debian-clang, r-devel-linux-x86_64-debian-gcc, r-devel-linux-x86_64-fedora-clang, r-devel-linux-x86_64-fedora-gcc
Version: 0.2-30
Check: installed package size
Result: NOTE
installed size is 14.3Mb
sub-directories of 1Mb or more:
bin 11.3Mb
misc 2.1Mb
Flavors: r-devel-windows-x86_64, r-release-windows-x86_64, r-oldrel-windows-x86_64
Version: 0.2-30
Check: compiled code
Result: NOTE
File 'arulesSequences/libs/x64/arulesSequences.dll':
Found non-API call to R: 'Rf_NonNullStringMatch'
Compiled code should not call non-API entry points in R.
See 'Writing portable packages' in the 'Writing R Extensions' manual,
and section 'Moving into C API compliance' for issues with the use of
non-API entry points.
Flavor: r-devel-windows-x86_64