Last updated on 2024-08-15 20:48:11 CEST.
Flavor | Version | Tinstall | Tcheck | Ttotal | Status | Flags |
---|---|---|---|---|---|---|
r-devel-linux-x86_64-debian-clang | 2.0.4 | 26.74 | 351.24 | 377.98 | OK | |
r-devel-linux-x86_64-debian-gcc | 2.0.4 | 17.25 | 266.77 | 284.02 | OK | |
r-devel-linux-x86_64-fedora-clang | 2.0.4 | 693.50 | NOTE | |||
r-devel-linux-x86_64-fedora-gcc | 2.0.4 | 621.87 | OK | |||
r-devel-windows-x86_64 | 2.0.4 | 28.00 | 360.00 | 388.00 | NOTE | |
r-patched-linux-x86_64 | 2.0.4 | 26.67 | 350.24 | 376.91 | OK | |
r-release-linux-x86_64 | 2.0.4 | 24.85 | 361.38 | 386.23 | OK | |
r-release-macos-arm64 | 2.0.4 | 157.00 | NOTE | |||
r-release-macos-x86_64 | 2.0.4 | 463.00 | NOTE | |||
r-release-windows-x86_64 | 2.0.4 | 29.00 | 357.00 | 386.00 | NOTE | |
r-oldrel-macos-arm64 | 2.0.4 | 172.00 | NOTE | |||
r-oldrel-macos-x86_64 | 2.0.4 | 313.00 | NOTE | |||
r-oldrel-windows-x86_64 | 2.0.4 | 35.00 | 438.00 | 473.00 | NOTE |
Version: 2.0.4
Check: installed package size
Result: NOTE
installed size is 5.6Mb
sub-directories of 1Mb or more:
R 1.3Mb
data 1.6Mb
doc 1.8Mb
Flavors: r-devel-linux-x86_64-fedora-clang, r-devel-windows-x86_64, r-release-macos-arm64, r-release-macos-x86_64, r-release-windows-x86_64, r-oldrel-macos-arm64, r-oldrel-macos-x86_64, r-oldrel-windows-x86_64