Last updated on 2024-08-15 20:48:10 CEST.
Flavor | Version | Tinstall | Tcheck | Ttotal | Status | Flags |
---|---|---|---|---|---|---|
r-devel-linux-x86_64-debian-clang | 1.5-10 | 21.61 | 97.99 | 119.60 | NOTE | |
r-devel-linux-x86_64-debian-gcc | 1.5-10 | 15.54 | 67.90 | 83.44 | NOTE | |
r-devel-linux-x86_64-fedora-clang | 1.5-10 | 189.90 | OK | |||
r-devel-linux-x86_64-fedora-gcc | 1.5-10 | 188.83 | OK | |||
r-devel-windows-x86_64 | 1.5-10 | 26.00 | 111.00 | 137.00 | NOTE | |
r-patched-linux-x86_64 | 1.5-10 | 25.50 | 90.63 | 116.13 | OK | |
r-release-linux-x86_64 | 1.5-10 | 18.95 | 92.94 | 111.89 | OK | |
r-release-macos-arm64 | 1.5-10 | 53.00 | OK | |||
r-release-macos-x86_64 | 1.5-10 | 94.00 | OK | |||
r-release-windows-x86_64 | 1.5-10 | 26.00 | 111.00 | 137.00 | OK | |
r-oldrel-macos-arm64 | 1.5-10 | 62.00 | OK | |||
r-oldrel-macos-x86_64 | 1.5-10 | 139.00 | OK | |||
r-oldrel-windows-x86_64 | 1.5-10 | 31.00 | 134.00 | 165.00 | OK |
Version: 1.5-10
Check: Rd cross-references
Result: NOTE
Found the following Rd file(s) with Rd \link{} targets missing package
anchors:
kdfun.Rd: divc
krfun.Rd: divc
Please provide package anchors for all Rd \link{} targets not in the
package itself and the base packages.
Flavors: r-devel-linux-x86_64-debian-clang, r-devel-linux-x86_64-debian-gcc, r-devel-windows-x86_64