Last updated on 2024-08-15 20:48:10 CEST.
Flavor | Version | Tinstall | Tcheck | Ttotal | Status | Flags |
---|---|---|---|---|---|---|
r-devel-linux-x86_64-debian-clang | 1.1.7 | 10.69 | 101.58 | 112.27 | NOTE | |
r-devel-linux-x86_64-debian-gcc | 1.1.7 | 9.32 | 73.14 | 82.46 | NOTE | |
r-devel-linux-x86_64-fedora-clang | 1.1.7 | 190.35 | OK | |||
r-devel-linux-x86_64-fedora-gcc | 1.1.7 | 177.43 | OK | |||
r-devel-windows-x86_64 | 1.1.7 | 16.00 | 121.00 | 137.00 | NOTE | |
r-patched-linux-x86_64 | 1.1.7 | 20.39 | 95.32 | 115.71 | OK | |
r-release-linux-x86_64 | 1.1.7 | 12.46 | 96.89 | 109.35 | OK | |
r-release-macos-arm64 | 1.1.7 | 55.00 | OK | |||
r-release-macos-x86_64 | 1.1.7 | 84.00 | OK | |||
r-release-windows-x86_64 | 1.1.7 | 19.00 | 119.00 | 138.00 | OK | |
r-oldrel-macos-arm64 | 1.1.7 | 60.00 | OK | |||
r-oldrel-macos-x86_64 | 1.1.7 | 147.00 | OK | |||
r-oldrel-windows-x86_64 | 1.1.7 | 22.00 | 146.00 | 168.00 | OK |
Version: 1.1.7
Check: Rd cross-references
Result: NOTE
Found the following Rd file(s) with Rd \link{} targets missing package
anchors:
abctools-package.Rd: abc
cov.pi.Rd: abc, postpr
Please provide package anchors for all Rd \link{} targets not in the
package itself and the base packages.
Flavors: r-devel-linux-x86_64-debian-clang, r-devel-linux-x86_64-debian-gcc, r-devel-windows-x86_64