Last updated on 2024-08-15 20:48:10 CEST.
Flavor | Version | Tinstall | Tcheck | Ttotal | Status | Flags |
---|---|---|---|---|---|---|
r-devel-linux-x86_64-debian-clang | 2.2.1 | 8.70 | 176.03 | 184.73 | NOTE | |
r-devel-linux-x86_64-debian-gcc | 2.2.1 | 6.86 | 142.14 | 149.00 | NOTE | |
r-devel-linux-x86_64-fedora-clang | 2.2.1 | 293.64 | OK | |||
r-devel-linux-x86_64-fedora-gcc | 2.2.1 | 303.04 | OK | |||
r-devel-windows-x86_64 | 2.2.1 | 10.00 | 238.00 | 248.00 | NOTE | |
r-patched-linux-x86_64 | 2.2.1 | 10.03 | 169.01 | 179.04 | OK | |
r-release-linux-x86_64 | 2.2.1 | 8.83 | 169.90 | 178.73 | OK | |
r-release-macos-arm64 | 2.2.1 | 106.00 | OK | |||
r-release-macos-x86_64 | 2.2.1 | 190.00 | OK | |||
r-release-windows-x86_64 | 2.2.1 | 11.00 | 241.00 | 252.00 | OK | |
r-oldrel-macos-arm64 | 2.2.1 | 174.00 | OK | |||
r-oldrel-macos-x86_64 | 2.2.1 | 319.00 | OK | |||
r-oldrel-windows-x86_64 | 2.2.1 | 12.00 | 263.00 | 275.00 | OK |
Version: 2.2.1
Check: Rd cross-references
Result: NOTE
Found the following Rd file(s) with Rd \link{} targets missing package
anchors:
abc.Rd: nnet
cv4abc.Rd: nnet
cv4postpr.Rd: nnet
plot.abc.Rd: nnet
postpr.Rd: nnet, multinom
Please provide package anchors for all Rd \link{} targets not in the
package itself and the base packages.
Flavors: r-devel-linux-x86_64-debian-clang, r-devel-linux-x86_64-debian-gcc, r-devel-windows-x86_64