Last updated on 2024-08-16 09:49:20 CEST.
Flavor | Version | Tinstall | Tcheck | Ttotal | Status | Flags |
---|---|---|---|---|---|---|
r-devel-linux-x86_64-debian-clang | 1.0.10 | 10.47 | 131.18 | 141.65 | OK | |
r-devel-linux-x86_64-debian-gcc | 1.0.10 | 7.87 | 93.60 | 101.47 | OK | |
r-devel-linux-x86_64-fedora-clang | 1.0.10 | 219.89 | NOTE | |||
r-devel-linux-x86_64-fedora-gcc | 1.0.10 | 219.77 | OK | |||
r-devel-windows-x86_64 | 1.0.10 | 20.00 | 242.00 | 262.00 | NOTE | |
r-patched-linux-x86_64 | 1.0.10 | 12.24 | 124.63 | 136.87 | OK | |
r-release-linux-x86_64 | 1.0.10 | 8.60 | 124.38 | 132.98 | OK | |
r-release-macos-arm64 | 1.0.10 | 100.00 | NOTE | |||
r-release-macos-x86_64 | 1.0.10 | 135.00 | NOTE | |||
r-release-windows-x86_64 | 1.0.10 | 22.00 | 240.00 | 262.00 | NOTE | |
r-oldrel-macos-arm64 | 1.0.10 | 101.00 | NOTE | |||
r-oldrel-macos-x86_64 | 1.0.10 | 193.00 | NOTE | |||
r-oldrel-windows-x86_64 | 1.0.10 | 23.00 | 271.00 | 294.00 | NOTE |
Version: 1.0.10
Check: installed package size
Result: NOTE
installed size is 28.0Mb
sub-directories of 1Mb or more:
java 25.4Mb
Flavors: r-devel-linux-x86_64-fedora-clang, r-devel-windows-x86_64, r-release-macos-arm64, r-release-macos-x86_64, r-release-windows-x86_64, r-oldrel-macos-arm64, r-oldrel-macos-x86_64, r-oldrel-windows-x86_64