Last updated on 2025-02-17 02:51:25 CET.
Flavor | Version | Tinstall | Tcheck | Ttotal | Status | Flags |
---|---|---|---|---|---|---|
r-devel-linux-x86_64-debian-clang | 0.1.0 | 4.01 | 33.84 | 37.85 | OK | |
r-devel-linux-x86_64-debian-gcc | 0.1.0 | 2.37 | 25.11 | 27.48 | OK | |
r-devel-linux-x86_64-fedora-clang | 0.1.0 | 65.63 | OK | |||
r-devel-linux-x86_64-fedora-gcc | 0.1.0 | 56.45 | OK | |||
r-devel-macos-arm64 | 0.1.0 | 22.00 | OK | |||
r-devel-macos-x86_64 | 0.1.0 | 38.00 | OK | |||
r-devel-windows-x86_64 | 0.1.0 | 4.00 | 52.00 | 56.00 | OK | |
r-patched-linux-x86_64 | 0.1.0 | 3.49 | 32.06 | 35.55 | NOTE | |
r-release-linux-x86_64 | 0.1.0 | 3.52 | 32.44 | 35.96 | NOTE | |
r-release-macos-arm64 | 0.1.0 | 21.00 | NOTE | |||
r-release-macos-x86_64 | 0.1.0 | 30.00 | NOTE | |||
r-release-windows-x86_64 | 0.1.0 | 5.00 | 52.00 | 57.00 | NOTE | |
r-oldrel-macos-arm64 | 0.1.0 | 21.00 | NOTE | |||
r-oldrel-macos-x86_64 | 0.1.0 | 30.00 | NOTE | |||
r-oldrel-windows-x86_64 | 0.1.0 | 6.00 | 75.00 | 81.00 | NOTE |
Version: 0.1.0
Check: LazyData
Result: NOTE
'LazyData' is specified without a 'data' directory
Flavors: r-patched-linux-x86_64, r-release-linux-x86_64, r-release-macos-arm64, r-release-macos-x86_64, r-release-windows-x86_64, r-oldrel-macos-arm64, r-oldrel-macos-x86_64, r-oldrel-windows-x86_64