Last updated on 2024-08-15 20:48:29 CEST.
Flavor | Version | Tinstall | Tcheck | Ttotal | Status | Flags |
---|---|---|---|---|---|---|
r-devel-linux-x86_64-debian-clang | 3.7.1 | 13.20 | 107.15 | 120.35 | NOTE | |
r-devel-linux-x86_64-debian-gcc | 3.7.1 | 10.67 | 88.47 | 99.14 | NOTE | |
r-devel-linux-x86_64-fedora-clang | 3.7.1 | 195.08 | NOTE | |||
r-devel-linux-x86_64-fedora-gcc | 3.7.1 | 186.20 | NOTE | |||
r-devel-windows-x86_64 | 3.7.1 | 16.00 | 287.00 | 303.00 | NOTE | |
r-patched-linux-x86_64 | 3.7.1 | 13.77 | 100.83 | 114.60 | NOTE | |
r-release-linux-x86_64 | 3.7.1 | 13.02 | 103.05 | 116.07 | NOTE | |
r-release-macos-arm64 | 3.7.1 | 82.00 | NOTE | |||
r-release-macos-x86_64 | 3.7.1 | 90.00 | NOTE | |||
r-release-windows-x86_64 | 3.7.1 | 18.00 | 212.00 | 230.00 | NOTE | |
r-oldrel-macos-arm64 | 3.7.1 | 51.00 | OK | |||
r-oldrel-macos-x86_64 | 3.7.1 | 112.00 | OK | |||
r-oldrel-windows-x86_64 | 3.7.1 | 22.00 | 264.00 | 286.00 | OK |
Version: 3.7.1
Check: Rd files
Result: NOTE
checkRd: (-1) example.database2.Rd:18: Lost braces in \itemize; meant \describe ?
checkRd: (-1) example.database2.Rd:19: Lost braces in \itemize; meant \describe ?
checkRd: (-1) example.database3.Rd:18: Lost braces in \itemize; meant \describe ?
checkRd: (-1) example.database3.Rd:19: Lost braces in \itemize; meant \describe ?
Flavors: r-devel-linux-x86_64-debian-clang, r-devel-linux-x86_64-debian-gcc, r-devel-linux-x86_64-fedora-clang, r-devel-linux-x86_64-fedora-gcc, r-devel-windows-x86_64, r-patched-linux-x86_64, r-release-linux-x86_64, r-release-macos-arm64, r-release-macos-x86_64, r-release-windows-x86_64