Last updated on 2024-08-15 20:48:28 CEST.
Flavor | Version | Tinstall | Tcheck | Ttotal | Status | Flags |
---|---|---|---|---|---|---|
r-devel-linux-x86_64-debian-clang | 3.0.3 | 64.96 | 130.93 | 195.89 | NOTE | |
r-devel-linux-x86_64-debian-gcc | 3.0.3 | 40.93 | 93.99 | 134.92 | NOTE | |
r-devel-linux-x86_64-fedora-clang | 3.0.3 | 360.08 | NOTE | |||
r-devel-linux-x86_64-fedora-gcc | 3.0.3 | 360.73 | OK | |||
r-devel-windows-x86_64 | 3.0.3 | 73.00 | 493.00 | 566.00 | NOTE | |
r-patched-linux-x86_64 | 3.0.3 | 65.54 | 124.38 | 189.92 | OK | |
r-release-linux-x86_64 | 3.0.3 | 58.68 | 124.60 | 183.28 | OK | |
r-release-macos-arm64 | 3.0.3 | 178.00 | NOTE | |||
r-release-macos-x86_64 | 3.0.3 | 269.00 | NOTE | |||
r-release-windows-x86_64 | 3.0.3 | 74.00 | 486.00 | 560.00 | NOTE | |
r-oldrel-macos-arm64 | 3.0.3 | 184.00 | NOTE | |||
r-oldrel-macos-x86_64 | 3.0.3 | 331.00 | NOTE | |||
r-oldrel-windows-x86_64 | 3.0.3 | 86.00 | 592.00 | 678.00 | NOTE |
Version: 3.0.3
Check: Rd cross-references
Result: NOTE
Found the following Rd file(s) with Rd \link{} targets missing package
anchors:
diagram_ksvm.Rd: ksvm
Please provide package anchors for all Rd \link{} targets not in the
package itself and the base packages.
Flavors: r-devel-linux-x86_64-debian-clang, r-devel-linux-x86_64-debian-gcc, r-devel-windows-x86_64
Version: 3.0.3
Check: installed package size
Result: NOTE
installed size is 8.2Mb
sub-directories of 1Mb or more:
doc 7.6Mb
Flavors: r-devel-linux-x86_64-fedora-clang, r-devel-windows-x86_64, r-release-macos-arm64, r-release-macos-x86_64, r-release-windows-x86_64, r-oldrel-macos-arm64, r-oldrel-macos-x86_64, r-oldrel-windows-x86_64
Version: 3.0.3
Check: package dependencies
Result: NOTE
Package suggested but not available for checking: ‘igraph’
Flavor: r-oldrel-macos-arm64