Last updated on 2024-08-15 20:48:28 CEST.
Flavor | Version | Tinstall | Tcheck | Ttotal | Status | Flags |
---|---|---|---|---|---|---|
r-devel-linux-x86_64-debian-clang | 0.1.2 | 79.46 | 115.88 | 195.34 | OK | |
r-devel-linux-x86_64-debian-gcc | 0.1.2 | 59.68 | 84.30 | 143.98 | OK | |
r-devel-linux-x86_64-fedora-clang | 0.1.2 | 339.82 | OK | |||
r-devel-linux-x86_64-fedora-gcc | 0.1.2 | 346.23 | OK | |||
r-devel-windows-x86_64 | 0.1.2 | 83.00 | 133.00 | 216.00 | NOTE | |
r-patched-linux-x86_64 | 0.1.2 | 82.71 | 110.03 | 192.74 | OK | |
r-release-linux-x86_64 | 0.1.2 | 75.33 | 110.03 | 185.36 | OK | |
r-release-macos-arm64 | 0.1.2 | 79.00 | NOTE | |||
r-release-macos-x86_64 | 0.1.2 | 117.00 | NOTE | |||
r-release-windows-x86_64 | 0.1.2 | 85.00 | 172.00 | 257.00 | NOTE | |
r-oldrel-macos-arm64 | 0.1.2 | 97.00 | NOTE | |||
r-oldrel-macos-x86_64 | 0.1.2 | 182.00 | NOTE | |||
r-oldrel-windows-x86_64 | 0.1.2 | 101.00 | 175.00 | 276.00 | NOTE |
Version: 0.1.2
Check: installed package size
Result: NOTE
installed size is 5.8Mb
sub-directories of 1Mb or more:
data 4.2Mb
libs 1.4Mb
Flavors: r-devel-windows-x86_64, r-release-macos-arm64, r-release-macos-x86_64, r-release-windows-x86_64, r-oldrel-macos-arm64, r-oldrel-macos-x86_64, r-oldrel-windows-x86_64