Last updated on 2024-08-15 20:48:27 CEST.
Flavor | Version | Tinstall | Tcheck | Ttotal | Status | Flags |
---|---|---|---|---|---|---|
r-devel-linux-x86_64-debian-clang | 4.0 | 10.27 | 84.16 | 94.43 | NOTE | |
r-devel-linux-x86_64-debian-gcc | 4.0 | 7.61 | 64.22 | 71.83 | NOTE | |
r-devel-linux-x86_64-fedora-clang | 4.0 | 146.99 | NOTE | |||
r-devel-linux-x86_64-fedora-gcc | 4.0 | 137.69 | NOTE | |||
r-devel-windows-x86_64 | 4.0 | 13.00 | 92.00 | 105.00 | NOTE | |
r-patched-linux-x86_64 | 4.0 | 14.17 | 79.27 | 93.44 | OK | |
r-release-linux-x86_64 | 4.0 | 9.82 | 79.09 | 88.91 | OK | |
r-release-macos-arm64 | 4.0 | 50.00 | OK | |||
r-release-macos-x86_64 | 4.0 | 66.00 | OK | |||
r-release-windows-x86_64 | 4.0 | 14.00 | 94.00 | 108.00 | OK | |
r-oldrel-macos-arm64 | 4.0 | 46.00 | OK | |||
r-oldrel-macos-x86_64 | 4.0 | 77.00 | OK | |||
r-oldrel-windows-x86_64 | 4.0 | 17.00 | 114.00 | 131.00 | OK |
Version: 4.0
Check: Rd cross-references
Result: NOTE
Found the following Rd file(s) with Rd \link{} targets missing package
anchors:
plot.tscgm.Rd: network
plot.tscgm.ar2.Rd: network
Please provide package anchors for all Rd \link{} targets not in the
package itself and the base packages.
Flavors: r-devel-linux-x86_64-debian-clang, r-devel-linux-x86_64-debian-gcc, r-devel-windows-x86_64
Version: 4.0
Check: compiled code
Result: NOTE
File ‘SparseTSCGM/libs/SparseTSCGM.so’:
Found no calls to: ‘R_registerRoutines’, ‘R_useDynamicSymbols’
It is good practice to register native routines and to disable symbol
search.
See ‘Writing portable packages’ in the ‘Writing R Extensions’ manual.
Flavors: r-devel-linux-x86_64-fedora-clang, r-devel-linux-x86_64-fedora-gcc