Last updated on 2024-08-15 20:48:26 CEST.
Flavor | Version | Tinstall | Tcheck | Ttotal | Status | Flags |
---|---|---|---|---|---|---|
r-devel-linux-x86_64-debian-clang | 1.0.1 | 9.01 | 75.58 | 84.59 | OK | |
r-devel-linux-x86_64-debian-gcc | 1.0.1 | 5.92 | 54.39 | 60.31 | OK | |
r-devel-linux-x86_64-fedora-clang | 1.0.1 | 141.10 | NOTE | |||
r-devel-linux-x86_64-fedora-gcc | 1.0.1 | 154.71 | NOTE | |||
r-devel-windows-x86_64 | 1.0.1 | 10.00 | 95.00 | 105.00 | NOTE | |
r-patched-linux-x86_64 | 1.0.1 | 7.63 | 72.20 | 79.83 | OK | |
r-release-linux-x86_64 | 1.0.1 | 7.70 | 71.68 | 79.38 | OK | |
r-release-macos-arm64 | 1.0.1 | 47.00 | NOTE | |||
r-release-macos-x86_64 | 1.0.1 | 71.00 | NOTE | |||
r-release-windows-x86_64 | 1.0.1 | 10.00 | 96.00 | 106.00 | NOTE | |
r-oldrel-macos-arm64 | 1.0.1 | 46.00 | NOTE | |||
r-oldrel-macos-x86_64 | 1.0.1 | 84.00 | NOTE | |||
r-oldrel-windows-x86_64 | 1.0.1 | 13.00 | 111.00 | 124.00 | NOTE |
Version: 1.0.1
Check: installed package size
Result: NOTE
installed size is 6.4Mb
sub-directories of 1Mb or more:
doc 1.7Mb
extdata 4.2Mb
Flavors: r-devel-linux-x86_64-fedora-clang, r-devel-windows-x86_64, r-release-macos-arm64, r-release-macos-x86_64, r-release-windows-x86_64, r-oldrel-macos-arm64, r-oldrel-macos-x86_64, r-oldrel-windows-x86_64
Version: 1.0.1
Check: data for non-ASCII characters
Result: NOTE
Note: found 14 marked UTF-8 strings
Flavors: r-devel-linux-x86_64-fedora-clang, r-devel-linux-x86_64-fedora-gcc