Last updated on 2024-08-16 09:49:17 CEST.
Flavor | Version | Tinstall | Tcheck | Ttotal | Status | Flags |
---|---|---|---|---|---|---|
r-devel-linux-x86_64-debian-clang | 2.2 | 2.69 | 31.12 | 33.81 | OK | |
r-devel-linux-x86_64-debian-gcc | 2.2 | 2.03 | 22.73 | 24.76 | OK | |
r-devel-linux-x86_64-fedora-clang | 2.2 | 55.69 | NOTE | |||
r-devel-linux-x86_64-fedora-gcc | 2.2 | 54.16 | NOTE | |||
r-devel-windows-x86_64 | 2.2 | 4.00 | 51.00 | 55.00 | OK | |
r-patched-linux-x86_64 | 2.2 | 3.13 | 29.68 | 32.81 | OK | |
r-release-linux-x86_64 | 2.2 | 2.38 | 29.68 | 32.06 | OK | |
r-release-macos-arm64 | 2.2 | 19.00 | OK | |||
r-release-macos-x86_64 | 2.2 | 35.00 | OK | |||
r-release-windows-x86_64 | 2.2 | 4.00 | 52.00 | 56.00 | OK | |
r-oldrel-macos-arm64 | 2.2 | 32.00 | OK | |||
r-oldrel-macos-x86_64 | 2.2 | 51.00 | OK | |||
r-oldrel-windows-x86_64 | 2.2 | 5.00 | 56.00 | 61.00 | OK |
Version: 2.2
Check: data for non-ASCII characters
Result: NOTE
Note: found 5 marked Latin-1 strings
Flavors: r-devel-linux-x86_64-fedora-clang, r-devel-linux-x86_64-fedora-gcc