Last updated on 2024-08-16 09:49:15 CEST.
Flavor | Version | Tinstall | Tcheck | Ttotal | Status | Flags |
---|---|---|---|---|---|---|
r-devel-linux-x86_64-debian-clang | 0.0.3 | 55.23 | 22.74 | 77.97 | OK | |
r-devel-linux-x86_64-debian-gcc | 0.0.3 | 48.56 | 17.91 | 66.47 | OK | |
r-devel-linux-x86_64-fedora-clang | 0.0.3 | 113.20 | OK | |||
r-devel-linux-x86_64-fedora-gcc | 0.0.3 | 176.82 | OK | |||
r-devel-windows-x86_64 | 0.0.3 | 61.00 | 86.00 | 147.00 | OK | |
r-patched-linux-x86_64 | 0.0.3 | 65.82 | 21.51 | 87.33 | OK | |
r-release-linux-x86_64 | 0.0.3 | 67.81 | 21.41 | 89.22 | OK | |
r-release-macos-arm64 | 0.0.3 | 50.00 | NOTE | |||
r-release-macos-x86_64 | 0.0.3 | 55.00 | NOTE | |||
r-release-windows-x86_64 | 0.0.3 | 60.00 | 74.00 | 134.00 | OK | |
r-oldrel-macos-arm64 | 0.0.3 | 54.00 | NOTE | |||
r-oldrel-macos-x86_64 | 0.0.3 | 100.00 | NOTE | |||
r-oldrel-windows-x86_64 | 0.0.3 | 72.00 | 87.00 | 159.00 | OK |
Version: 0.0.3
Check: installed package size
Result: NOTE
installed size is 19.7Mb
sub-directories of 1Mb or more:
libs 19.5Mb
Flavors: r-release-macos-arm64, r-release-macos-x86_64, r-oldrel-macos-arm64, r-oldrel-macos-x86_64