Last updated on 2024-08-15 20:48:25 CEST.
Flavor | Version | Tinstall | Tcheck | Ttotal | Status | Flags |
---|---|---|---|---|---|---|
r-devel-linux-x86_64-debian-clang | 0.7-2 | 6.67 | 35.27 | 41.94 | OK | |
r-devel-linux-x86_64-debian-gcc | 0.7-2 | 5.77 | 28.44 | 34.21 | OK | |
r-devel-linux-x86_64-fedora-clang | 0.7-2 | 74.38 | OK | |||
r-devel-linux-x86_64-fedora-gcc | 0.7-2 | 75.34 | OK | |||
r-devel-windows-x86_64 | 0.7-2 | 60.00 | 59.00 | 119.00 | OK | |
r-patched-linux-x86_64 | 0.7-2 | 7.54 | 33.60 | 41.14 | OK | |
r-release-linux-x86_64 | 0.7-2 | 6.38 | 33.84 | 40.22 | OK | |
r-release-macos-x86_64 | 0.7-2 | 34.00 | ERROR | |||
r-release-windows-x86_64 | 0.7-2 | 59.00 | 62.00 | 121.00 | OK | |
r-oldrel-macos-x86_64 | 0.7-2 | 31.00 | ERROR | |||
r-oldrel-windows-x86_64 | 0.7-2 | 57.00 | 70.00 | 127.00 | OK |
Version: 0.7-2
Check: whether package can be installed
Result: ERROR
Installation failed.
Flavors: r-release-macos-x86_64, r-oldrel-macos-x86_64