Last updated on 2024-08-15 20:48:24 CEST.
Flavor | Version | Tinstall | Tcheck | Ttotal | Status | Flags |
---|---|---|---|---|---|---|
r-devel-linux-x86_64-debian-clang | 1.1.0 | 4.88 | 20.67 | 25.55 | OK | |
r-devel-linux-x86_64-debian-gcc | 1.1.0 | 3.86 | 16.22 | 20.08 | OK | |
r-devel-linux-x86_64-fedora-clang | 1.1.0 | 39.81 | OK | |||
r-devel-linux-x86_64-fedora-gcc | 1.1.0 | 37.04 | OK | |||
r-devel-windows-x86_64 | 1.1.0 | 5.00 | 40.00 | 45.00 | OK | |
r-patched-linux-x86_64 | 1.1.0 | 5.01 | 18.60 | 23.61 | OK | |
r-release-linux-x86_64 | 1.1.0 | 5.48 | 19.83 | 25.31 | OK | |
r-release-macos-arm64 | 1.1.0 | 18.00 | OK | |||
r-release-macos-x86_64 | 1.1.0 | 27.00 | NOTE | |||
r-release-windows-x86_64 | 1.1.0 | 5.00 | 40.00 | 45.00 | OK | |
r-oldrel-macos-arm64 | 1.1.0 | 19.00 | OK | |||
r-oldrel-macos-x86_64 | 1.1.0 | 25.00 | NOTE | |||
r-oldrel-windows-x86_64 | 1.1.0 | 7.00 | 42.00 | 49.00 | OK |
Version: 1.1.0
Check: installed package size
Result: NOTE
installed size is 5.6Mb
sub-directories of 1Mb or more:
data 5.5Mb
Flavors: r-release-macos-x86_64, r-oldrel-macos-x86_64