Last updated on 2024-08-15 20:48:24 CEST.
Flavor | Version | Tinstall | Tcheck | Ttotal | Status | Flags |
---|---|---|---|---|---|---|
r-devel-linux-x86_64-debian-clang | 0.3-7 | 175.01 | 37.47 | 212.48 | OK | |
r-devel-linux-x86_64-debian-gcc | 0.3-7 | 128.30 | 28.84 | 157.14 | OK | |
r-devel-linux-x86_64-fedora-clang | 0.3-7 | 491.87 | OK | |||
r-devel-linux-x86_64-fedora-gcc | 0.3-7 | 486.46 | OK | |||
r-devel-windows-x86_64 | 0.3-7 | 193.00 | 89.00 | 282.00 | OK | |
r-patched-linux-x86_64 | 0.3-7 | 180.60 | 35.98 | 216.58 | OK | |
r-release-linux-x86_64 | 0.3-7 | 178.92 | 36.03 | 214.95 | OK | |
r-release-macos-arm64 | 0.3-7 | 90.00 | NOTE | |||
r-release-macos-x86_64 | 0.3-7 | 87.00 | NOTE | |||
r-release-windows-x86_64 | 0.3-7 | 194.00 | 89.00 | 283.00 | OK | |
r-oldrel-macos-arm64 | 0.3-7 | 101.00 | NOTE | |||
r-oldrel-macos-x86_64 | 0.3-7 | 136.00 | NOTE | |||
r-oldrel-windows-x86_64 | 0.3-7 | 183.00 | 101.00 | 284.00 | OK |
Version: 0.3-7
Check: installed package size
Result: NOTE
installed size is 14.0Mb
sub-directories of 1Mb or more:
libs 13.8Mb
Flavors: r-release-macos-arm64, r-release-macos-x86_64, r-oldrel-macos-arm64, r-oldrel-macos-x86_64