Last updated on 2024-08-15 20:48:25 CEST.
Flavor | Version | Tinstall | Tcheck | Ttotal | Status | Flags |
---|---|---|---|---|---|---|
r-devel-linux-x86_64-debian-clang | 0.4 | 33.37 | 239.10 | 272.47 | OK | |
r-devel-linux-x86_64-debian-gcc | 0.4 | 24.34 | 179.18 | 203.52 | OK | |
r-devel-linux-x86_64-fedora-clang | 0.4 | 451.79 | NOTE | |||
r-devel-linux-x86_64-fedora-gcc | 0.4 | 432.72 | OK | |||
r-devel-windows-x86_64 | 0.4 | 33.00 | 205.00 | 238.00 | OK | |
r-patched-linux-x86_64 | 0.4 | 30.18 | 226.38 | 256.56 | OK | |
r-release-linux-x86_64 | 0.4 | 33.88 | 230.75 | 264.63 | OK | |
r-release-macos-arm64 | 0.4 | 113.00 | OK | |||
r-release-macos-x86_64 | 0.4 | 160.00 | OK | |||
r-release-windows-x86_64 | 0.4 | 35.00 | 207.00 | 242.00 | OK | |
r-oldrel-macos-arm64 | 0.4 | 117.00 | OK | |||
r-oldrel-macos-x86_64 | 0.4 | 153.00 | OK | |||
r-oldrel-windows-x86_64 | 0.4 | 44.00 | 258.00 | 302.00 | OK |
Version: 0.4
Check: package dependencies
Result: NOTE
Imports includes 28 non-default packages.
Importing from so many packages makes the package vulnerable to any of
them becoming unavailable. Move as many as possible to Suggests and
use conditionally.
Flavor: r-devel-linux-x86_64-fedora-clang