Last updated on 2024-08-16 09:49:15 CEST.
Flavor | Version | Tinstall | Tcheck | Ttotal | Status | Flags |
---|---|---|---|---|---|---|
r-devel-linux-x86_64-debian-clang | 1.0-1 | 6.50 | 478.89 | 485.39 | NOTE | |
r-devel-linux-x86_64-debian-gcc | 1.0-1 | 4.92 | 291.73 | 296.65 | NOTE | |
r-devel-linux-x86_64-fedora-clang | 1.0-1 | 77.18 | NOTE | |||
r-devel-linux-x86_64-fedora-gcc | 1.0-1 | 71.25 | NOTE | |||
r-devel-windows-x86_64 | 1.0-1 | 43.00 | 352.00 | 395.00 | NOTE | |
r-patched-linux-x86_64 | 1.0-1 | 6.75 | 434.28 | 441.03 | NOTE | |
r-release-linux-x86_64 | 1.0-1 | 5.89 | 433.19 | 439.08 | NOTE | |
r-release-macos-arm64 | 1.0-1 | 26.00 | NOTE | |||
r-release-macos-x86_64 | 1.0-1 | 36.00 | NOTE | |||
r-release-windows-x86_64 | 1.0-1 | 34.00 | 340.00 | 374.00 | NOTE | |
r-oldrel-macos-arm64 | 1.0-1 | 25.00 | OK | |||
r-oldrel-macos-x86_64 | 1.0-1 | 46.00 | OK | |||
r-oldrel-windows-x86_64 | 1.0-1 | 37.00 | 428.00 | 465.00 | OK |
Version: 1.0-1
Check: Rd files
Result: NOTE
checkRd: (-1) ROI_plugin_build_equality_constraints.Rd:27: Lost braces in \enumerate; meant \describe ?
checkRd: (-1) ROI_plugin_build_equality_constraints.Rd:28: Lost braces in \enumerate; meant \describe ?
checkRd: (-1) ROI_plugin_build_inequality_constraints.Rd:27: Lost braces in \enumerate; meant \describe ?
checkRd: (-1) ROI_plugin_build_inequality_constraints.Rd:28: Lost braces in \enumerate; meant \describe ?
checkRd: (-1) ROI_plugin_build_inequality_constraints.Rd:29: Lost braces in \enumerate; meant \describe ?
checkRd: (-1) ROI_solve.Rd:26: Lost braces in \itemize; \value handles \item{}{} directly
checkRd: (-1) ROI_solve.Rd:27: Lost braces in \itemize; \value handles \item{}{} directly
checkRd: (-1) ROI_solve.Rd:28-30: Lost braces in \itemize; \value handles \item{}{} directly
checkRd: (-1) ROI_solve.Rd:31: Lost braces in \itemize; \value handles \item{}{} directly
Flavors: r-devel-linux-x86_64-debian-clang, r-devel-linux-x86_64-debian-gcc, r-devel-linux-x86_64-fedora-clang, r-devel-linux-x86_64-fedora-gcc, r-devel-windows-x86_64, r-patched-linux-x86_64, r-release-linux-x86_64, r-release-macos-arm64, r-release-macos-x86_64, r-release-windows-x86_64