Last updated on 2024-08-15 20:48:24 CEST.
Flavor | Version | Tinstall | Tcheck | Ttotal | Status | Flags |
---|---|---|---|---|---|---|
r-devel-linux-x86_64-debian-clang | 1.3.1 | 97.61 | 23.06 | 120.67 | NOTE | |
r-devel-linux-x86_64-debian-gcc | 1.3.1 | 78.10 | 18.29 | 96.39 | NOTE | |
r-devel-linux-x86_64-fedora-clang | 1.3.1 | 193.76 | NOTE | |||
r-devel-linux-x86_64-fedora-gcc | 1.3.1 | 272.89 | NOTE | |||
r-devel-windows-x86_64 | 1.3.1 | 116.00 | 60.00 | 176.00 | NOTE | |
r-patched-linux-x86_64 | 1.3.1 | 100.69 | 22.00 | 122.69 | NOTE | |
r-release-linux-x86_64 | 1.3.1 | 95.57 | 21.82 | 117.39 | NOTE | |
r-release-macos-arm64 | 1.3.1 | 86.00 | NOTE | |||
r-release-macos-x86_64 | 1.3.1 | 194.00 | NOTE | |||
r-release-windows-x86_64 | 1.3.1 | 119.00 | 62.00 | 181.00 | NOTE | |
r-oldrel-macos-arm64 | 1.3.1 | 84.00 | NOTE | |||
r-oldrel-macos-x86_64 | 1.3.1 | 170.00 | NOTE | |||
r-oldrel-windows-x86_64 | 1.3.1 | 125.00 | 66.00 | 191.00 | NOTE |
Version: 1.3.1
Check: for GNU extensions in Makefiles
Result: NOTE
GNU make is a SystemRequirements.
Flavors: r-devel-linux-x86_64-debian-clang, r-devel-linux-x86_64-debian-gcc, r-devel-linux-x86_64-fedora-clang, r-devel-linux-x86_64-fedora-gcc, r-devel-windows-x86_64, r-patched-linux-x86_64, r-release-linux-x86_64, r-release-macos-arm64, r-release-macos-x86_64, r-release-windows-x86_64, r-oldrel-macos-arm64, r-oldrel-macos-x86_64, r-oldrel-windows-x86_64
Version: 1.3.1
Check: installed package size
Result: NOTE
installed size is 8.8Mb
sub-directories of 1Mb or more:
lib 5.9Mb
libs 2.1Mb
Flavors: r-release-macos-arm64, r-release-macos-x86_64, r-oldrel-macos-arm64, r-oldrel-macos-x86_64