Last updated on 2024-08-15 20:48:24 CEST.
Flavor | Version | Tinstall | Tcheck | Ttotal | Status | Flags |
---|---|---|---|---|---|---|
r-devel-linux-x86_64-debian-clang | 1.1.18 | 45.01 | 34.13 | 79.14 | OK | |
r-devel-linux-x86_64-debian-gcc | 1.1.18 | 33.34 | 27.56 | 60.90 | OK | |
r-devel-linux-x86_64-fedora-clang | 1.1.18 | 132.11 | OK | |||
r-devel-linux-x86_64-fedora-gcc | 1.1.18 | 146.47 | OK | |||
r-devel-windows-x86_64 | 1.1.18 | 47.00 | 73.00 | 120.00 | OK | |
r-patched-linux-x86_64 | 1.1.18 | 45.42 | 36.08 | 81.50 | OK | |
r-release-linux-x86_64 | 1.1.18 | 46.05 | 35.72 | 81.77 | OK | |
r-release-macos-arm64 | 1.1.18 | 40.00 | NOTE | |||
r-release-macos-x86_64 | 1.1.18 | 61.00 | NOTE | |||
r-release-windows-x86_64 | 1.1.18 | 45.00 | 74.00 | 119.00 | OK | |
r-oldrel-macos-arm64 | 1.1.18 | 44.00 | NOTE | |||
r-oldrel-macos-x86_64 | 1.1.18 | 92.00 | NOTE | |||
r-oldrel-windows-x86_64 | 1.1.18 | 53.00 | 85.00 | 138.00 | OK |
Version: 1.1.18
Check: installed package size
Result: NOTE
installed size is 13.8Mb
sub-directories of 1Mb or more:
libs 13.1Mb
Flavors: r-release-macos-arm64, r-release-macos-x86_64, r-oldrel-macos-arm64, r-oldrel-macos-x86_64