Last updated on 2024-08-16 09:49:13 CEST.
Flavor | Version | Tinstall | Tcheck | Ttotal | Status | Flags |
---|---|---|---|---|---|---|
r-devel-linux-x86_64-debian-clang | 3.4 | 34.55 | 121.00 | 155.55 | OK | |
r-devel-linux-x86_64-debian-gcc | 3.4 | 21.69 | 79.51 | 101.20 | OK | |
r-devel-linux-x86_64-fedora-clang | 3.4 | 245.74 | OK | |||
r-devel-linux-x86_64-fedora-gcc | 3.4 | 235.18 | OK | |||
r-devel-windows-x86_64 | 3.4 | 34.00 | 135.00 | 169.00 | OK | |
r-patched-linux-x86_64 | 3.4 | 28.65 | 112.61 | 141.26 | OK | |
r-release-linux-x86_64 | 3.4 | 29.22 | 113.90 | 143.12 | OK | |
r-release-macos-arm64 | 3.4 | 63.00 | OK | |||
r-release-macos-x86_64 | 3.4 | 112.00 | OK | |||
r-release-windows-x86_64 | 3.4 | 36.00 | 137.00 | 173.00 | OK | |
r-oldrel-macos-arm64 | 3.4 | 72.00 | OK | |||
r-oldrel-macos-x86_64 | 3.4 | 125.00 | OK | |||
r-oldrel-windows-x86_64 | 3.4 | 42.00 | 177.00 | 219.00 | NOTE |
Version: 3.4
Check: installed package size
Result: NOTE
installed size is 5.1Mb
sub-directories of 1Mb or more:
extdata 3.0Mb
libs 1.0Mb
Flavor: r-oldrel-windows-x86_64