Last updated on 2025-02-17 02:51:19 CET.
Flavor | Version | Tinstall | Tcheck | Ttotal | Status | Flags |
---|---|---|---|---|---|---|
r-devel-linux-x86_64-debian-clang | 0.6.2 | 10.93 | 129.04 | 139.97 | NOTE | |
r-devel-linux-x86_64-debian-gcc | 0.6.2 | 7.48 | 91.00 | 98.48 | NOTE | |
r-devel-linux-x86_64-fedora-clang | 0.6.2 | 244.07 | OK | |||
r-devel-linux-x86_64-fedora-gcc | 0.6.2 | 233.73 | OK | |||
r-devel-macos-arm64 | 0.6.2 | 81.00 | OK | |||
r-devel-macos-x86_64 | 0.6.2 | 217.00 | OK | |||
r-devel-windows-x86_64 | 0.6.2 | 15.00 | 138.00 | 153.00 | NOTE | |
r-patched-linux-x86_64 | 0.6.2 | 18.28 | 122.10 | 140.38 | OK | |
r-release-linux-x86_64 | 0.6.2 | 9.97 | 122.25 | 132.22 | OK | |
r-release-macos-arm64 | 0.6.2 | 69.00 | OK | |||
r-release-macos-x86_64 | 0.6.2 | 102.00 | OK | |||
r-release-windows-x86_64 | 0.6.2 | 13.00 | 136.00 | 149.00 | OK | |
r-oldrel-macos-arm64 | 0.6.2 | 76.00 | OK | |||
r-oldrel-macos-x86_64 | 0.6.2 | 112.00 | OK | |||
r-oldrel-windows-x86_64 | 0.6.2 | 17.00 | 169.00 | 186.00 | OK |
Version: 0.6.2
Check: Rd cross-references
Result: NOTE
Found the following Rd file(s) with Rd \link{} targets missing package
anchors:
NA_summary.Rd: create_time_series
blink_summary.Rd: create_time_series
check_baseline.Rd: create_time_series
compare_summary.Rd: create_time_series
ppl_check_eye_recording.Rd: create_time_series
ppl_plot_avg.Rd: create_time_series
ppl_plot_avg_contour.Rd: create_time_series
ppl_select_recorded_eye.Rd: create_time_series
Please provide package anchors for all Rd \link{} targets not in the
package itself and the base packages.
Flavors: r-devel-linux-x86_64-debian-clang, r-devel-linux-x86_64-debian-gcc, r-devel-windows-x86_64