Last updated on 2024-08-15 20:48:22 CEST.
Flavor | Version | Tinstall | Tcheck | Ttotal | Status | Flags |
---|---|---|---|---|---|---|
r-devel-linux-x86_64-debian-clang | 1.14.1 | 6.85 | 70.44 | 77.29 | NOTE | |
r-devel-linux-x86_64-debian-gcc | 1.14.1 | 4.49 | 46.90 | 51.39 | NOTE | |
r-devel-linux-x86_64-fedora-clang | 1.14.1 | 121.89 | NOTE | |||
r-devel-linux-x86_64-fedora-gcc | 1.14.1 | 115.32 | NOTE | |||
r-devel-windows-x86_64 | 1.14.1 | 10.00 | 92.00 | 102.00 | NOTE | |
r-patched-linux-x86_64 | 1.14.1 | 6.80 | 63.40 | 70.20 | NOTE | |
r-release-linux-x86_64 | 1.14.1 | 6.78 | 65.12 | 71.90 | NOTE | |
r-release-macos-arm64 | 1.14.1 | 34.00 | NOTE | |||
r-release-macos-x86_64 | 1.14.1 | 57.00 | NOTE | |||
r-release-windows-x86_64 | 1.14.1 | 10.00 | 92.00 | 102.00 | NOTE | |
r-oldrel-macos-arm64 | 1.14.1 | 38.00 | OK | |||
r-oldrel-macos-x86_64 | 1.14.1 | 64.00 | OK | |||
r-oldrel-windows-x86_64 | 1.14.1 | 12.00 | 110.00 | 122.00 | OK |
Version: 1.14.1
Check: Rd files
Result: NOTE
checkRd: (-1) getParamNr.Rd:15: Lost braces
15 | Default is code{FALSE}.}
| ^
checkRd: (-1) getRequirements.Rd:16: Lost braces
16 | code{TRUE}.}
| ^
checkRd: (-1) sampleValue.Rd:15: Lost braces; missing escapes or markup?
15 | Default is code {FALSE}.}
| ^
checkRd: (-1) sampleValues.Rd:18: Lost braces; missing escapes or markup?
18 | Default is code {FALSE}.}
| ^
Flavors: r-devel-linux-x86_64-debian-clang, r-devel-linux-x86_64-debian-gcc, r-devel-linux-x86_64-fedora-clang, r-devel-linux-x86_64-fedora-gcc, r-devel-windows-x86_64, r-patched-linux-x86_64, r-release-linux-x86_64, r-release-macos-arm64, r-release-macos-x86_64, r-release-windows-x86_64