Last updated on 2025-02-17 02:51:18 CET.
Flavor | Version | Tinstall | Tcheck | Ttotal | Status | Flags |
---|---|---|---|---|---|---|
r-devel-linux-x86_64-debian-clang | 0.2.0 | 10.63 | 121.95 | 132.58 | NOTE | |
r-devel-linux-x86_64-debian-gcc | 0.2.0 | 7.78 | 87.22 | 95.00 | NOTE | |
r-devel-linux-x86_64-fedora-clang | 0.2.0 | 217.27 | NOTE | |||
r-devel-linux-x86_64-fedora-gcc | 0.2.0 | 213.89 | NOTE | |||
r-devel-macos-arm64 | 0.2.0 | 72.00 | OK | |||
r-devel-macos-x86_64 | 0.2.0 | 126.00 | OK | |||
r-devel-windows-x86_64 | 0.2.0 | 12.00 | 118.00 | 130.00 | NOTE | |
r-patched-linux-x86_64 | 0.2.0 | 11.34 | 114.54 | 125.88 | OK | |
r-release-linux-x86_64 | 0.2.0 | 9.73 | 112.87 | 122.60 | OK | |
r-release-macos-arm64 | 0.2.0 | 62.00 | OK | |||
r-release-macos-x86_64 | 0.2.0 | 109.00 | OK | |||
r-release-windows-x86_64 | 0.2.0 | 12.00 | 125.00 | 137.00 | OK | |
r-oldrel-macos-arm64 | 0.2.0 | 73.00 | OK | |||
r-oldrel-macos-x86_64 | 0.2.0 | 113.00 | OK | |||
r-oldrel-windows-x86_64 | 0.2.0 | 16.00 | 150.00 | 166.00 | OK |
Version: 0.2.0
Check: DESCRIPTION meta-information
Result: NOTE
Missing dependency on R >= 4.3.0 because package code uses the pipe
placeholder at the head of a chain of extractions syntax added in R
4.3.0.
File(s) using such syntax:
‘plate.R’
Flavors: r-devel-linux-x86_64-debian-clang, r-devel-linux-x86_64-debian-gcc, r-devel-linux-x86_64-fedora-clang, r-devel-linux-x86_64-fedora-gcc, r-devel-windows-x86_64