CRAN Package Check Results for Package MetaUtility

Last updated on 2025-02-17 02:51:16 CET.

Flavor Version Tinstall Tcheck Ttotal Status Flags
r-devel-linux-x86_64-debian-clang 2.1.2 13.52 90.44 103.96 OK
r-devel-linux-x86_64-debian-gcc 2.1.2 8.99 64.17 73.16 OK
r-devel-linux-x86_64-fedora-clang 2.1.2 172.62 NOTE
r-devel-linux-x86_64-fedora-gcc 2.1.2 159.75 NOTE
r-devel-macos-arm64 2.1.2 46.00 OK
r-devel-macos-x86_64 2.1.2 97.00 OK
r-devel-windows-x86_64 2.1.2 13.00 92.00 105.00 OK
r-patched-linux-x86_64 2.1.2 12.98 83.93 96.91 OK
r-release-linux-x86_64 2.1.2 10.93 82.91 93.84 OK
r-release-macos-arm64 2.1.2 46.00 OK
r-release-macos-x86_64 2.1.2 67.00 OK
r-release-windows-x86_64 2.1.2 15.00 92.00 107.00 OK
r-oldrel-macos-arm64 2.1.2 47.00 OK
r-oldrel-macos-x86_64 2.1.2 76.00 OK
r-oldrel-windows-x86_64 2.1.2 17.00 123.00 140.00 OK

Check Details

Version: 2.1.2
Check: dependencies in R code
Result: NOTE Namespace in Imports field not imported from: ‘metadat’ All declared Imports should be used. Flavors: r-devel-linux-x86_64-fedora-clang, r-devel-linux-x86_64-fedora-gcc