Last updated on 2024-08-15 20:48:20 CEST.
Flavor | Version | Tinstall | Tcheck | Ttotal | Status | Flags |
---|---|---|---|---|---|---|
r-devel-linux-x86_64-debian-clang | 0.1.4 | 135.55 | 113.73 | 249.28 | NOTE | |
r-devel-linux-x86_64-debian-gcc | 0.1.4 | 90.86 | 85.57 | 176.43 | NOTE | |
r-devel-linux-x86_64-fedora-clang | 0.1.4 | 378.07 | NOTE | |||
r-devel-linux-x86_64-fedora-gcc | 0.1.4 | 450.38 | NOTE | |||
r-devel-windows-x86_64 | 0.1.4 | 106.00 | 141.00 | 247.00 | NOTE | |
r-patched-linux-x86_64 | 0.1.4 | 134.57 | 114.02 | 248.59 | NOTE | |
r-release-linux-x86_64 | 0.1.4 | 127.18 | 113.52 | 240.70 | NOTE | |
r-release-macos-arm64 | 0.1.4 | 114.00 | NOTE | |||
r-release-macos-x86_64 | 0.1.4 | 183.00 | NOTE | |||
r-release-windows-x86_64 | 0.1.4 | 111.00 | 146.00 | 257.00 | NOTE | |
r-oldrel-macos-arm64 | 0.1.4 | 141.00 | NOTE | |||
r-oldrel-macos-x86_64 | 0.1.4 | 168.00 | NOTE | |||
r-oldrel-windows-x86_64 | 0.1.4 | 133.00 | 183.00 | 316.00 | NOTE |
Version: 0.1.4
Check: package subdirectories
Result: NOTE
Problems with news in ‘NEWS.md’:
No news entries found.
Flavors: r-devel-linux-x86_64-debian-clang, r-devel-linux-x86_64-debian-gcc, r-devel-linux-x86_64-fedora-clang, r-devel-linux-x86_64-fedora-gcc, r-devel-windows-x86_64, r-patched-linux-x86_64, r-release-linux-x86_64, r-release-macos-arm64, r-release-macos-x86_64, r-release-windows-x86_64, r-oldrel-macos-arm64, r-oldrel-macos-x86_64, r-oldrel-windows-x86_64
Version: 0.1.4
Check: installed package size
Result: NOTE
installed size is 13.6Mb
sub-directories of 1Mb or more:
libs 13.1Mb
Flavors: r-devel-windows-x86_64, r-release-macos-arm64, r-release-macos-x86_64, r-release-windows-x86_64, r-oldrel-macos-arm64, r-oldrel-macos-x86_64, r-oldrel-windows-x86_64