Last updated on 2024-08-16 09:49:09 CEST.
Flavor | Version | Tinstall | Tcheck | Ttotal | Status | Flags |
---|---|---|---|---|---|---|
r-devel-linux-x86_64-debian-clang | 4.0.3 | 7.37 | 58.99 | 66.36 | NOTE | |
r-devel-linux-x86_64-debian-gcc | 4.0.3 | 5.36 | 41.59 | 46.95 | NOTE | |
r-devel-linux-x86_64-fedora-clang | 4.0.3 | 104.90 | NOTE | |||
r-devel-linux-x86_64-fedora-gcc | 4.0.3 | 98.23 | NOTE | |||
r-devel-windows-x86_64 | 4.0.3 | 8.00 | 73.00 | 81.00 | NOTE | |
r-patched-linux-x86_64 | 4.0.3 | 5.69 | 55.53 | 61.22 | NOTE | |
r-release-linux-x86_64 | 4.0.3 | 6.80 | 56.64 | 63.44 | NOTE | |
r-release-macos-arm64 | 4.0.3 | 32.00 | NOTE | |||
r-release-macos-x86_64 | 4.0.3 | 45.00 | NOTE | |||
r-release-windows-x86_64 | 4.0.3 | 7.00 | 75.00 | 82.00 | NOTE | |
r-oldrel-macos-arm64 | 4.0.3 | 49.00 | OK | |||
r-oldrel-macos-x86_64 | 4.0.3 | 55.00 | OK | |||
r-oldrel-windows-x86_64 | 4.0.3 | 7.00 | 81.00 | 88.00 | OK |
Version: 4.0.3
Check: Rd files
Result: NOTE
checkRd: (-1) mdp_example_forest.Rd:36: Lost braces; missing escapes or markup?
36 | Let {1, ... S} be the states of the forest. the Sth state being the oldest.
| ^
Flavors: r-devel-linux-x86_64-debian-clang, r-devel-linux-x86_64-debian-gcc, r-devel-linux-x86_64-fedora-clang, r-devel-linux-x86_64-fedora-gcc, r-devel-windows-x86_64, r-patched-linux-x86_64, r-release-linux-x86_64, r-release-macos-arm64, r-release-macos-x86_64, r-release-windows-x86_64