Last updated on 2024-08-15 20:48:19 CEST.
Flavor | Version | Tinstall | Tcheck | Ttotal | Status | Flags |
---|---|---|---|---|---|---|
r-devel-linux-x86_64-debian-clang | 0.8.3 | 10.88 | 28.36 | 39.24 | OK | |
r-devel-linux-x86_64-debian-gcc | 0.8.3 | 7.19 | 21.98 | 29.17 | OK | |
r-devel-linux-x86_64-fedora-clang | 0.8.3 | 67.34 | NOTE | |||
r-devel-linux-x86_64-fedora-gcc | 0.8.3 | 63.76 | NOTE | |||
r-devel-windows-x86_64 | 0.8.3 | 13.00 | 73.00 | 86.00 | OK | |
r-patched-linux-x86_64 | 0.8.3 | 10.25 | 26.85 | 37.10 | OK | |
r-release-linux-x86_64 | 0.8.3 | 10.61 | 26.95 | 37.56 | OK | |
r-release-macos-arm64 | 0.8.3 | 24.00 | OK | |||
r-release-macos-x86_64 | 0.8.3 | 32.00 | OK | |||
r-release-windows-x86_64 | 0.8.3 | 14.00 | 65.00 | 79.00 | OK | |
r-oldrel-macos-arm64 | 0.8.3 | 27.00 | OK | |||
r-oldrel-macos-x86_64 | 0.8.3 | 39.00 | OK | |||
r-oldrel-windows-x86_64 | 0.8.3 | 13.00 | 73.00 | 86.00 | OK |
Version: 0.8.3
Check: Rd cross-references
Result: NOTE
Undeclared package ‘glmnet’ in Rd xrefs
Flavor: r-devel-linux-x86_64-fedora-clang
Version: 0.8.3
Check: compiled code
Result: NOTE
File ‘LassoNet/libs/LassoNet.so’:
Found no calls to: ‘R_registerRoutines’, ‘R_useDynamicSymbols’
It is good practice to register native routines and to disable symbol
search.
See ‘Writing portable packages’ in the ‘Writing R Extensions’ manual.
Flavors: r-devel-linux-x86_64-fedora-clang, r-devel-linux-x86_64-fedora-gcc