Last updated on 2024-08-15 20:48:19 CEST.
Flavor | Version | Tinstall | Tcheck | Ttotal | Status | Flags |
---|---|---|---|---|---|---|
r-devel-linux-x86_64-debian-clang | 1.1.0 | 12.64 | 118.69 | 131.33 | NOTE | |
r-devel-linux-x86_64-debian-gcc | 1.1.0 | 10.12 | 86.94 | 97.06 | NOTE | |
r-devel-linux-x86_64-fedora-clang | 1.1.0 | 211.99 | NOTE | |||
r-devel-linux-x86_64-fedora-gcc | 1.1.0 | 214.18 | NOTE | |||
r-devel-windows-x86_64 | 1.1.0 | 15.00 | 115.00 | 130.00 | NOTE | |
r-patched-linux-x86_64 | 1.1.0 | 13.07 | 108.97 | 122.04 | NOTE | |
r-release-linux-x86_64 | 1.1.0 | 13.62 | 112.24 | 125.86 | NOTE | |
r-release-macos-arm64 | 1.1.0 | 61.00 | NOTE | |||
r-release-macos-x86_64 | 1.1.0 | 93.00 | NOTE | |||
r-release-windows-x86_64 | 1.1.0 | 16.00 | 117.00 | 133.00 | NOTE | |
r-oldrel-macos-arm64 | 1.1.0 | 62.00 | NOTE | |||
r-oldrel-macos-x86_64 | 1.1.0 | 102.00 | NOTE | |||
r-oldrel-windows-x86_64 | 1.1.0 | 18.00 | 137.00 | 155.00 | NOTE |
Version: 1.1.0
Check: LazyData
Result: NOTE
'LazyData' is specified without a 'data' directory
Flavors: r-devel-linux-x86_64-debian-clang, r-devel-linux-x86_64-debian-gcc, r-devel-linux-x86_64-fedora-clang, r-devel-linux-x86_64-fedora-gcc, r-devel-windows-x86_64, r-patched-linux-x86_64, r-release-linux-x86_64, r-release-macos-arm64, r-release-macos-x86_64, r-release-windows-x86_64, r-oldrel-macos-arm64, r-oldrel-macos-x86_64, r-oldrel-windows-x86_64